CRAN Package Check Results for Package texPreview

Last updated on 2020-08-03 10:05:12 CEST.

Flavor Version Tinstall Tcheck Ttotal Status Flags
r-devel-linux-x86_64-debian-clang 1.4.4 4.85 100.31 105.16 ERROR
r-devel-linux-x86_64-debian-gcc 1.4.4 3.71 69.29 73.00 ERROR
r-devel-linux-x86_64-fedora-clang 1.4.4 135.17 NOTE
r-devel-linux-x86_64-fedora-gcc 1.4.4 110.45 NOTE
r-devel-windows-ix86+x86_64 1.4.4 19.00 123.00 142.00 OK
r-patched-linux-x86_64 1.4.4 5.19 88.01 93.20 OK
r-patched-solaris-x86 1.4.4 158.60 ERROR
r-release-linux-x86_64 1.4.4 4.70 89.92 94.62 OK
r-release-macos-x86_64 1.4.4 WARN
r-release-windows-ix86+x86_64 1.4.4 23.00 141.00 164.00 OK
r-oldrel-macos-x86_64 1.4.4 WARN
r-oldrel-windows-ix86+x86_64 1.4.4 13.00 115.00 128.00 OK

Check Details

Version: 1.4.4
Check: tests
Result: ERROR
     Running 'testthat.R' [17s/18s]
    Running the tests in 'tests/testthat.R' failed.
    Complete output:
     > library(testthat)
     > library(texPreview)
     > test_check("texPreview")
     -- 1. Error: (unknown) (@test-tex.R#115) --------------------------------------
     R: delegate failed `'potrace' --svg --output '%o' '%i'' @ error/delegate.c/InvokeDelegate/1952
     Backtrace:
     1. testthat::describe(...)
     2. [ base::eval(...) ] with 1 more call
     5. texPreview:::tex_preview.xtable(...)
     7. texPreview:::tex_preview.character(...)
     8. texPreview:::tex_preview.default(...)
     9. texPreview:::tex_image(obj, stem, write_flag, overwrite)
     10. magick::image_write(imgOut, tex_path(fileDir, stem, dev = imgFormat))
     11. magick:::magick_image_write(...)
    
     TLPDB: not a directory, not loading: /home/hornik/lib/texmf/
     tlmgr: running in usermode, did you call `tlmgr init-usertree'?
     == testthat results ===========================================================
     [ OK: 36 | SKIPPED: 1 | WARNINGS: 1 | FAILED: 1 ]
     1. Error: (unknown) (@test-tex.R#115)
    
     Error: testthat unit tests failed
     Execution halted
Flavor: r-devel-linux-x86_64-debian-clang

Version: 1.4.4
Check: tests
Result: ERROR
     Running ‘testthat.R’ [11s/19s]
    Running the tests in ‘tests/testthat.R’ failed.
    Complete output:
     > library(testthat)
     > library(texPreview)
     > test_check("texPreview")
     ── 1. Error: (unknown) (@test-tex.R#115) ──────────────────────────────────────
     R: delegate failed `'potrace' --svg --output '%o' '%i'' @ error/delegate.c/InvokeDelegate/1952
     Backtrace:
     1. testthat::describe(...)
     2. [ base::eval(...) ] with 1 more call
     5. texPreview:::tex_preview.xtable(...)
     7. texPreview:::tex_preview.character(...)
     8. texPreview:::tex_preview.default(...)
     9. texPreview:::tex_image(obj, stem, write_flag, overwrite)
     10. magick::image_write(imgOut, tex_path(fileDir, stem, dev = imgFormat))
     11. magick:::magick_image_write(...)
    
     TLPDB: not a directory, not loading: /home/hornik/texmf
     tlmgr: running in usermode, did you call `tlmgr init-usertree'?
     ══ testthat results ═══════════════════════════════════════════════════════════
     [ OK: 36 | SKIPPED: 1 | WARNINGS: 1 | FAILED: 1 ]
     1. Error: (unknown) (@test-tex.R#115)
    
     Error: testthat unit tests failed
     Execution halted
Flavor: r-devel-linux-x86_64-debian-gcc

Version: 1.4.4
Check: dependencies in R code
Result: NOTE
    Namespace in Imports field not imported from: ‘details’
     All declared Imports should be used.
Flavors: r-devel-linux-x86_64-fedora-clang, r-devel-linux-x86_64-fedora-gcc, r-patched-solaris-x86, r-release-macos-x86_64, r-oldrel-macos-x86_64

Version: 1.4.4
Check: tests
Result: ERROR
     Running ‘testthat.R’ [20s/21s]
    Running the tests in ‘tests/testthat.R’ failed.
    Complete output:
     > library(testthat)
     > library(texPreview)
     > test_check("texPreview")
     ── 1. Error: (unknown) (@test-tex.R#115) ──────────────────────────────────────
     R: delegate failed `'potrace' --svg --output '%o' '%i'' @ error/delegate.c/InvokeDelegate/1958
     Backtrace:
     1. testthat::describe(...)
     2. [ base::eval(...) ] with 1 more call
     5. texPreview:::tex_preview.xtable(...)
     7. texPreview:::tex_preview.character(...)
     8. texPreview:::tex_preview.default(...)
     9. texPreview:::tex_image(obj, stem, write_flag, overwrite)
     10. magick::image_write(imgOut, tex_path(fileDir, stem, dev = imgFormat))
     11. magick:::magick_image_write(...)
    
     ══ testthat results ═══════════════════════════════════════════════════════════
     [ OK: 34 | SKIPPED: 1 | WARNINGS: 3 | FAILED: 1 ]
     1. Error: (unknown) (@test-tex.R#115)
    
     Error: testthat unit tests failed
     Execution halted
Flavor: r-patched-solaris-x86

Version: 1.4.4
Check: re-building of vignette outputs
Result: WARN
    Error(s) in re-building vignettes:
     ...
    --- re-building ‘classes.Rmd’ using rmarkdown
    Warning in engine$weave(file, quiet = quiet, encoding = enc) :
     Pandoc (>= 1.12.3) and/or pandoc-citeproc not available. Falling back to R Markdown v1.
    --- finished re-building ‘classes.Rmd’
    
    --- re-building ‘engine.Rmd’ using rmarkdown
    Warning in engine$weave(file, quiet = quiet, encoding = enc) :
     Pandoc (>= 1.12.3) and/or pandoc-citeproc not available. Falling back to R Markdown v1.
    --- finished re-building ‘engine.Rmd’
    
    --- re-building ‘kable.Rmd’ using rmarkdown
    Warning in engine$weave(file, quiet = quiet, encoding = enc) :
     Pandoc (>= 1.12.3) and/or pandoc-citeproc not available. Falling back to R Markdown v1.
    --- finished re-building ‘kable.Rmd’
    
    --- re-building ‘rmarkdown.Rmd’ using rmarkdown
    Warning in engine$weave(file, quiet = quiet, encoding = enc) :
     Pandoc (>= 1.12.3) and/or pandoc-citeproc not available. Falling back to R Markdown v1.
    --- finished re-building ‘rmarkdown.Rmd’
    
    --- re-building ‘slickr.Rmd’ using rmarkdown
    Warning in engine$weave(file, quiet = quiet, encoding = enc) :
     Pandoc (>= 1.12.3) and/or pandoc-citeproc not available. Falling back to R Markdown v1.
    Quitting from lines 80-86 (slickr.Rmd)
    Error: processing vignette 'slickr.Rmd' failed with diagnostics:
    cannot open the connection
    --- failed re-building ‘slickr.Rmd’
    
    --- re-building ‘tests_and_coverage.Rmd’ using rmarkdown
    Warning in engine$weave(file, quiet = quiet, encoding = enc) :
     Pandoc (>= 1.12.3) and/or pandoc-citeproc not available. Falling back to R Markdown v1.
    --- finished re-building ‘tests_and_coverage.Rmd’
    
    --- re-building ‘tex_packages.Rmd’ using rmarkdown
    Warning in engine$weave(file, quiet = quiet, encoding = enc) :
     Pandoc (>= 1.12.3) and/or pandoc-citeproc not available. Falling back to R Markdown v1.
    --- finished re-building ‘tex_packages.Rmd’
    
    --- re-building ‘tikz.Rmd’ using rmarkdown
    Warning in engine$weave(file, quiet = quiet, encoding = enc) :
     Pandoc (>= 1.12.3) and/or pandoc-citeproc not available. Falling back to R Markdown v1.
    --- finished re-building ‘tikz.Rmd’
    
    SUMMARY: processing the following file failed:
     ‘slickr.Rmd’
    
    Error: Vignette re-building failed.
    Execution halted
Flavor: r-patched-solaris-x86

Version: 1.4.4
Check: re-building of vignette outputs
Result: WARN
    Error(s) in re-building vignettes:
    --- re-building ‘classes.Rmd’ using rmarkdown
    Warning in engine$weave(file, quiet = quiet, encoding = enc) :
     Pandoc (>= 1.12.3) and/or pandoc-citeproc not available. Falling back to R Markdown v1.
    --- finished re-building ‘classes.Rmd’
    
    --- re-building ‘engine.Rmd’ using rmarkdown
    Warning in engine$weave(file, quiet = quiet, encoding = enc) :
     Pandoc (>= 1.12.3) and/or pandoc-citeproc not available. Falling back to R Markdown v1.
    --- finished re-building ‘engine.Rmd’
    
    --- re-building ‘kable.Rmd’ using rmarkdown
    Warning in engine$weave(file, quiet = quiet, encoding = enc) :
     Pandoc (>= 1.12.3) and/or pandoc-citeproc not available. Falling back to R Markdown v1.
    --- finished re-building ‘kable.Rmd’
    
    --- re-building ‘rmarkdown.Rmd’ using rmarkdown
    Warning in engine$weave(file, quiet = quiet, encoding = enc) :
     Pandoc (>= 1.12.3) and/or pandoc-citeproc not available. Falling back to R Markdown v1.
    --- finished re-building ‘rmarkdown.Rmd’
    
    --- re-building ‘slickr.Rmd’ using rmarkdown
    Warning in engine$weave(file, quiet = quiet, encoding = enc) :
     Pandoc (>= 1.12.3) and/or pandoc-citeproc not available. Falling back to R Markdown v1.
    Quitting from lines 80-86 (slickr.Rmd)
    Error: processing vignette 'slickr.Rmd' failed with diagnostics:
    cannot open the connection
    --- failed re-building ‘slickr.Rmd’
    
    --- re-building ‘tests_and_coverage.Rmd’ using rmarkdown
    Warning in engine$weave(file, quiet = quiet, encoding = enc) :
     Pandoc (>= 1.12.3) and/or pandoc-citeproc not available. Falling back to R Markdown v1.
    --- finished re-building ‘tests_and_coverage.Rmd’
    
    --- re-building ‘tex_packages.Rmd’ using rmarkdown
    Warning in engine$weave(file, quiet = quiet, encoding = enc) :
     Pandoc (>= 1.12.3) and/or pandoc-citeproc not available. Falling back to R Markdown v1.
    --- finished re-building ‘tex_packages.Rmd’
    
    --- re-building ‘tikz.Rmd’ using rmarkdown
    Warning in engine$weave(file, quiet = quiet, encoding = enc) :
     Pandoc (>= 1.12.3) and/or pandoc-citeproc not available. Falling back to R Markdown v1.
    --- finished re-building ‘tikz.Rmd’
    
    SUMMARY: processing the following file failed:
     ‘slickr.Rmd’
    
    Error: Vignette re-building failed.
    Execution halted
Flavors: r-release-macos-x86_64, r-oldrel-macos-x86_64