Last updated on 2023-02-09 10:55:50 CET.
Flavor | Version | Tinstall | Tcheck | Ttotal | Status | Flags |
---|---|---|---|---|---|---|
r-devel-linux-x86_64-debian-clang | 1.0.1 | 4.75 | 225.86 | 230.61 | NOTE | |
r-devel-linux-x86_64-debian-gcc | 1.0.1 | 3.14 | 156.04 | 159.18 | NOTE | |
r-devel-linux-x86_64-fedora-clang | 1.0.1 | 266.81 | NOTE | |||
r-devel-linux-x86_64-fedora-gcc | 1.0.1 | 277.60 | NOTE | |||
r-devel-windows-x86_64 | 1.0.1 | 31.00 | 251.00 | 282.00 | NOTE | |
r-patched-linux-x86_64 | 1.0.1 | 5.63 | 209.10 | 214.73 | NOTE | |
r-release-linux-x86_64 | 1.0.1 | 4.24 | 216.09 | 220.33 | NOTE | |
r-release-macos-arm64 | 1.0.1 | 82.00 | NOTE | |||
r-release-macos-x86_64 | 1.0.1 | 159.00 | NOTE | |||
r-release-windows-x86_64 | 1.0.1 | 32.00 | 252.00 | 284.00 | NOTE | |
r-oldrel-macos-arm64 | 1.0.1 | 91.00 | NOTE | |||
r-oldrel-macos-x86_64 | 1.0.1 | 166.00 | NOTE | |||
r-oldrel-windows-ix86+x86_64 | 1.0.1 | 8.00 | 260.00 | 268.00 | NOTE |
Version: 1.0.1
Check: LazyData
Result: NOTE
'LazyData' is specified without a 'data' directory
Flavors: r-devel-linux-x86_64-debian-clang, r-devel-linux-x86_64-debian-gcc, r-devel-linux-x86_64-fedora-clang, r-devel-linux-x86_64-fedora-gcc, r-devel-windows-x86_64, r-patched-linux-x86_64, r-release-linux-x86_64, r-release-macos-arm64, r-release-macos-x86_64, r-release-windows-x86_64, r-oldrel-macos-arm64, r-oldrel-macos-x86_64, r-oldrel-windows-ix86+x86_64