Last updated on 2024-04-23 10:54:19 CEST.
Flavor | Version | Tinstall | Tcheck | Ttotal | Status | Flags |
---|---|---|---|---|---|---|
r-devel-linux-x86_64-debian-clang | 0.6.4 | 65.31 | 131.70 | 197.01 | NOTE | |
r-devel-linux-x86_64-debian-gcc | 0.6.4 | 51.30 | 96.18 | 147.48 | NOTE | |
r-devel-linux-x86_64-fedora-clang | 0.6.4 | 252.27 | OK | |||
r-devel-linux-x86_64-fedora-gcc | 0.6.4 | 264.10 | OK | |||
r-prerel-macos-arm64 | 0.6.4 | 67.00 | NOTE | |||
r-prerel-windows-x86_64 | 0.6.4 | 52.00 | 129.00 | 181.00 | OK | |
r-patched-linux-x86_64 | 0.6.4 | 62.00 | 123.02 | 185.02 | NOTE | |
r-release-linux-x86_64 | 0.6.4 | 44.75 | 127.30 | 172.05 | NOTE | |
r-release-macos-arm64 | 0.6.4 | 75.00 | NOTE | |||
r-release-macos-x86_64 | 0.6.4 | 134.00 | NOTE | |||
r-release-windows-x86_64 | 0.6.4 | 62.00 | 160.00 | 222.00 | NOTE | |
r-oldrel-macos-arm64 | 0.6.4 | 66.00 | NOTE | |||
r-oldrel-windows-x86_64 | 0.6.4 | 59.00 | 141.00 | 200.00 | NOTE |
Version: 0.6.4
Check: package dependencies
Result: NOTE
Package suggested but not available for checking: ‘INLA’
Flavors: r-devel-linux-x86_64-debian-clang, r-devel-linux-x86_64-debian-gcc, r-prerel-macos-arm64, r-patched-linux-x86_64, r-release-linux-x86_64, r-release-macos-arm64, r-release-macos-x86_64, r-release-windows-x86_64, r-oldrel-macos-arm64, r-oldrel-windows-x86_64
Version: 0.6.4
Check: installed package size
Result: NOTE
installed size is 13.3Mb
sub-directories of 1Mb or more:
libs 12.8Mb
Flavors: r-prerel-macos-arm64, r-release-macos-arm64, r-release-macos-x86_64, r-oldrel-macos-arm64