CRAN Package Check Results for Package tealeaves

Last updated on 2020-08-14 10:03:52 CEST.

Flavor Version Tinstall Tcheck Ttotal Status Flags
r-devel-linux-x86_64-debian-clang 1.0.5 3.88 67.56 71.44 OK
r-devel-linux-x86_64-debian-gcc 1.0.5 4.08 50.74 54.82 OK
r-devel-linux-x86_64-fedora-clang 1.0.5 90.61 OK
r-devel-linux-x86_64-fedora-gcc 1.0.5 82.77 OK
r-devel-windows-ix86+x86_64 1.0.5 16.00 137.00 153.00 OK
r-patched-linux-x86_64 1.0.5 4.29 65.57 69.86 OK
r-patched-solaris-x86 1.0.5 173.00 OK
r-release-linux-x86_64 1.0.5 4.29 65.99 70.28 OK
r-release-macos-x86_64 1.0.5 OK
r-release-windows-ix86+x86_64 1.0.5 13.00 83.00 96.00 WARN
r-oldrel-macos-x86_64 1.0.5 OK
r-oldrel-windows-ix86+x86_64 1.0.5 9.00 88.00 97.00 OK

Check Details

Version: 1.0.5
Check: re-building of vignette outputs
Result: WARN
    Error(s) in re-building vignettes:
    --- re-building 'parameter-functions.Rmd' using rmarkdown
    --- finished re-building 'parameter-functions.Rmd'
    
    --- re-building 'tealeaves-intermediate.Rmd' using rmarkdown
    --- finished re-building 'tealeaves-intermediate.Rmd'
    
    Warning in file(con, "r") :
     cannot open file 'D:\temp\Rtmpuy7CRD\filebd802f333347': Permission denied
    Error in file(con, "r") : cannot open the connection
    Calls: <Anonymous> -> readLines -> file
    Execution halted
Flavor: r-release-windows-ix86+x86_64