Last updated on 2025-11-23 12:50:05 CET.
| Flavor | Version | Tinstall | Tcheck | Ttotal | Status | Flags |
|---|---|---|---|---|---|---|
| r-devel-linux-x86_64-debian-clang | 2.1-2 | 65.49 | 233.68 | 299.17 | OK | |
| r-devel-linux-x86_64-debian-gcc | 2.1-2 | 42.09 | 215.06 | 257.15 | OK | |
| r-devel-linux-x86_64-fedora-clang | 2.1-2 | 104.00 | 257.02 | 361.02 | NOTE | |
| r-devel-linux-x86_64-fedora-gcc | 2.1-2 | 122.00 | 278.93 | 400.93 | OK | |
| r-devel-windows-x86_64 | 2.1-2 | 72.00 | 165.00 | 237.00 | OK | |
| r-patched-linux-x86_64 | 2.1-2 | 67.47 | 279.63 | 347.10 | OK | |
| r-release-linux-x86_64 | 2.1-2 | 63.73 | 244.62 | 308.35 | OK | |
| r-release-macos-arm64 | 2.1-2 | OK | ||||
| r-release-macos-x86_64 | 2.1-2 | 31.00 | 106.00 | 137.00 | OK | |
| r-release-windows-x86_64 | 2.1-2 | 70.00 | 180.00 | 250.00 | OK | |
| r-oldrel-macos-arm64 | 2.1-2 | NOTE | ||||
| r-oldrel-macos-x86_64 | 2.1-2 | 43.00 | 109.00 | 152.00 | NOTE | |
| r-oldrel-windows-x86_64 | 2.1-2 | 82.00 | 186.00 | 268.00 | OK |
Version: 2.1-2
Check: tests
Result: NOTE
Running ‘ttclust.R’
Comparing ‘ttclust.Rout’ to ‘ttclust.Rout.save’ ...21,22d20
< OMP: Warning #96: Cannot form a team with 8 threads, using 2 instead.
< OMP: Hint Consider unsetting KMP_DEVICE_THREAD_LIMIT (KMP_ALL_THREADS), KMP_TEAMS_THREAD_LIMIT, and OMP_THREAD_LIMIT (if any are set).
Flavor: r-devel-linux-x86_64-fedora-clang
Version: 2.1-2
Check: installed package size
Result: NOTE
installed size is 7.6Mb
sub-directories of 1Mb or more:
libs 6.2Mb
Flavors: r-oldrel-macos-arm64, r-oldrel-macos-x86_64