CRAN Package Check Results for Package tbm

Last updated on 2022-01-18 10:17:31 CET.

Flavor Version Tinstall Tcheck Ttotal Status Flags
r-devel-linux-x86_64-debian-clang 0.3-4 9.99 454.92 464.91 OK
r-devel-linux-x86_64-debian-gcc 0.3-5 8.38 328.51 336.89 OK
r-devel-linux-x86_64-fedora-clang 0.3-5 557.71 OK
r-devel-linux-x86_64-fedora-gcc 0.3-5 523.27 OK
r-devel-windows-x86_64-new-UL 0.3-5 40.00 889.00 929.00 OK
r-devel-windows-x86_64-new-TK 0.3-4 ERROR
r-patched-linux-x86_64 0.3-5 12.29 417.95 430.24 OK
r-release-linux-x86_64 0.3-5 OK
r-release-macos-arm64 0.3-5 OK
r-release-macos-x86_64 0.3-5 OK
r-release-windows-ix86+x86_64 0.3-5 21.00 398.00 419.00 OK
r-oldrel-macos-x86_64 0.3-4 OK
r-oldrel-windows-ix86+x86_64 0.3-5 5.00 7.00 12.00 ERROR

Check Details

Version: 0.3-4
Check: package dependencies
Result: ERROR
    Package required but not available: 'mlt'
    
    Packages suggested but not available for checking: 'tram', 'trtf'
    
    See section 'The DESCRIPTION file' in the 'Writing R Extensions'
    manual.
Flavor: r-devel-windows-x86_64-new-TK

Version: 0.3-5
Check: whether package can be installed
Result: ERROR
    Installation failed.
Flavor: r-oldrel-windows-ix86+x86_64