Last updated on 2024-04-19 10:57:43 CEST.
Flavor | Version | Tinstall | Tcheck | Ttotal | Status | Flags |
---|---|---|---|---|---|---|
r-devel-linux-x86_64-debian-clang | 2.1.2 | 4.29 | 67.51 | 71.80 | OK | |
r-devel-linux-x86_64-debian-gcc | 2.1.2 | OK | ||||
r-devel-linux-x86_64-fedora-clang | 2.1.2 | 89.90 | NOTE | |||
r-devel-linux-x86_64-fedora-gcc | 2.1.2 | 101.28 | OK | |||
r-prerel-macos-arm64 | 2.1.2 | 41.00 | NOTE | |||
r-prerel-windows-x86_64 | 2.1.2 | 6.00 | 83.00 | 89.00 | NOTE | |
r-patched-linux-x86_64 | 2.1.2 | 8.97 | 63.44 | 72.41 | OK | |
r-release-linux-x86_64 | 2.1.2 | 4.28 | 62.28 | 66.56 | OK | |
r-release-macos-arm64 | 2.1.2 | 53.00 | NOTE | |||
r-release-macos-x86_64 | 2.1.2 | 83.00 | NOTE | |||
r-release-windows-x86_64 | 2.1.2 | 8.00 | 90.00 | 98.00 | NOTE | |
r-oldrel-macos-arm64 | 2.1.2 | 36.00 | NOTE | |||
r-oldrel-windows-x86_64 | 2.1.2 | 7.00 | 90.00 | 97.00 | NOTE |
Version: 2.1.2
Check: installed package size
Result: NOTE
installed size is 6.1Mb
sub-directories of 1Mb or more:
doc 5.9Mb
Flavors: r-devel-linux-x86_64-fedora-clang, r-prerel-macos-arm64, r-prerel-windows-x86_64, r-release-macos-arm64, r-release-macos-x86_64, r-release-windows-x86_64, r-oldrel-macos-arm64, r-oldrel-windows-x86_64