CRAN Package Check Results for Package syt

Last updated on 2022-10-04 10:49:47 CEST.

Flavor Version Tinstall Tcheck Ttotal Status Flags
r-devel-linux-x86_64-debian-clang 0.2.0 9.59 72.95 82.54 NOTE
r-devel-linux-x86_64-debian-gcc 0.2.0 5.37 56.15 61.52 NOTE
r-devel-linux-x86_64-fedora-clang 0.2.0 114.90 NOTE
r-devel-linux-x86_64-fedora-gcc 0.2.0 108.21 NOTE
r-devel-windows-x86_64 0.2.0 16.00 105.00 121.00 NOTE
r-patched-linux-x86_64 0.2.0 6.95 70.55 77.50 NOTE
r-release-linux-x86_64 0.2.0 5.56 70.44 76.00 NOTE
r-release-macos-arm64 0.2.0 32.00 NOTE
r-release-macos-x86_64 0.2.0 44.00 NOTE
r-release-windows-x86_64 0.2.0 15.00 104.00 119.00 NOTE
r-oldrel-macos-arm64 0.2.0 37.00 NOTE
r-oldrel-macos-x86_64 0.2.0 58.00 NOTE
r-oldrel-windows-ix86+x86_64 0.2.0 18.00 97.00 115.00 NOTE

Check Details

Version: 0.2.0
Check: LazyData
Result: NOTE
     'LazyData' is specified without a 'data' directory
Flavors: r-devel-linux-x86_64-debian-clang, r-devel-linux-x86_64-debian-gcc, r-devel-linux-x86_64-fedora-clang, r-devel-linux-x86_64-fedora-gcc, r-devel-windows-x86_64, r-patched-linux-x86_64, r-release-linux-x86_64, r-release-macos-arm64, r-release-macos-x86_64, r-release-windows-x86_64, r-oldrel-macos-arm64, r-oldrel-macos-x86_64, r-oldrel-windows-ix86+x86_64