CRAN Package Check Results for Package systemfonts

Last updated on 2020-08-13 09:49:14 CEST.

Flavor Version Tinstall Tcheck Ttotal Status Flags
r-devel-linux-x86_64-debian-clang 0.2.3 18.24 25.47 43.71 OK
r-devel-linux-x86_64-debian-gcc 0.2.3 13.31 19.90 33.21 OK
r-devel-linux-x86_64-fedora-clang 0.2.3 69.97 OK
r-devel-linux-x86_64-fedora-gcc 0.2.3 54.40 OK
r-devel-windows-ix86+x86_64 0.2.3 57.00 89.00 146.00 OK
r-patched-linux-x86_64 0.2.3 14.38 25.47 39.85 OK
r-patched-solaris-x86 0.2.3 86.00 OK
r-release-linux-x86_64 0.2.3 14.26 25.13 39.39 OK
r-release-macos-x86_64 0.2.3 NOTE
r-release-windows-ix86+x86_64 0.2.3 51.00 74.00 125.00 OK
r-oldrel-macos-x86_64 0.2.3 OK
r-oldrel-windows-ix86+x86_64 0.2.3 44.00 74.00 118.00 OK

Additional issues

valgrind

Check Details

Version: 0.2.3
Check: installed package size
Result: NOTE
     installed size is 6.2Mb
     sub-directories of 1Mb or more:
     libs 6.0Mb
Flavor: r-release-macos-x86_64