Last updated on 2024-05-05 10:53:41 CEST.
Flavor | Version | Tinstall | Tcheck | Ttotal | Status | Flags |
---|---|---|---|---|---|---|
r-devel-linux-x86_64-debian-clang | 0.8.9 | 5.34 | 25.88 | 31.22 | OK | |
r-devel-linux-x86_64-debian-gcc | 0.8.9 | 4.10 | 19.62 | 23.72 | OK | |
r-devel-linux-x86_64-fedora-clang | 0.8.9 | 40.06 | OK | |||
r-devel-linux-x86_64-fedora-gcc | 0.8.9 | 38.00 | OK | |||
r-devel-windows-x86_64 | 0.8.9 | 17.00 | 56.00 | 73.00 | OK | |
r-patched-linux-x86_64 | 0.8.9 | 4.50 | 24.43 | 28.93 | OK | |
r-release-linux-x86_64 | 0.8.9 | 4.35 | 24.96 | 29.31 | OK | |
r-release-macos-arm64 | 0.8.9 | 22.00 | NOTE | |||
r-release-macos-x86_64 | 0.8.9 | 70.00 | NOTE | |||
r-release-windows-x86_64 | 0.8.9 | 17.00 | 57.00 | 74.00 | OK | |
r-oldrel-macos-arm64 | 0.8.9 | 29.00 | NOTE | |||
r-oldrel-macos-x86_64 | 0.8.9 | 63.00 | NOTE | |||
r-oldrel-windows-x86_64 | 0.8.9 | 17.00 | 57.00 | 74.00 | OK |
Version: 0.8.9
Check: installed package size
Result: NOTE
installed size is 19.8Mb
sub-directories of 1Mb or more:
fonts 1.8Mb
libs 17.9Mb
Flavors: r-release-macos-arm64, r-release-macos-x86_64, r-oldrel-macos-arm64, r-oldrel-macos-x86_64