CRAN Package Check Results for Package symSEM

Last updated on 2022-10-05 10:51:54 CEST.

Flavor Version Tinstall Tcheck Ttotal Status Flags
r-devel-linux-x86_64-debian-clang 0.1 9.99 119.39 129.38 NOTE
r-devel-linux-x86_64-debian-gcc 0.1 9.10 89.14 98.24 NOTE
r-devel-linux-x86_64-fedora-clang 0.1 168.46 NOTE
r-devel-linux-x86_64-fedora-gcc 0.1 163.61 NOTE
r-devel-windows-x86_64 0.1 16.00 132.00 148.00 NOTE
r-patched-linux-x86_64 0.1 10.42 111.12 121.54 NOTE
r-release-linux-x86_64 0.1 8.02 110.21 118.23 NOTE
r-release-macos-arm64 0.1 43.00 NOTE
r-release-macos-x86_64 0.1 63.00 NOTE
r-release-windows-x86_64 0.1 18.00 139.00 157.00 NOTE
r-oldrel-macos-arm64 0.1 56.00 NOTE
r-oldrel-macos-x86_64 0.1 77.00 NOTE
r-oldrel-windows-ix86+x86_64 0.1 28.00 137.00 165.00 NOTE

Check Details

Version: 0.1
Check: LazyData
Result: NOTE
     'LazyData' is specified without a 'data' directory
Flavors: r-devel-linux-x86_64-debian-clang, r-devel-linux-x86_64-debian-gcc, r-devel-linux-x86_64-fedora-clang, r-devel-linux-x86_64-fedora-gcc, r-devel-windows-x86_64, r-patched-linux-x86_64, r-release-linux-x86_64, r-release-macos-arm64, r-release-macos-x86_64, r-release-windows-x86_64, r-oldrel-macos-arm64, r-oldrel-macos-x86_64, r-oldrel-windows-ix86+x86_64