Last updated on 2025-06-22 10:50:05 CEST.
Flavor | Version | Tinstall | Tcheck | Ttotal | Status | Flags |
---|---|---|---|---|---|---|
r-devel-linux-x86_64-debian-clang | 1.1.1 | 99.32 | 151.84 | 251.16 | OK | |
r-devel-linux-x86_64-debian-gcc | 1.1.1 | 72.04 | 105.80 | 177.84 | OK | |
r-devel-linux-x86_64-fedora-clang | 1.1.1 | 391.28 | OK | |||
r-devel-linux-x86_64-fedora-gcc | 1.1.1 | 394.80 | OK | |||
r-devel-windows-x86_64 | 1.1.1 | 137.00 | 172.00 | 309.00 | OK | |
r-patched-linux-x86_64 | 1.1.1 | 99.32 | 143.78 | 243.10 | OK | |
r-release-linux-x86_64 | 1.1.1 | 98.60 | 143.50 | 242.10 | OK | |
r-release-macos-arm64 | 1.1.1 | 78.00 | OK | |||
r-release-macos-x86_64 | 1.1.1 | 141.00 | OK | |||
r-release-windows-x86_64 | 1.1.1 | 130.00 | 178.00 | 308.00 | OK | |
r-oldrel-macos-arm64 | 1.1.1 | 108.00 | NOTE | |||
r-oldrel-macos-x86_64 | 1.1.1 | 177.00 | NOTE | |||
r-oldrel-windows-x86_64 | 1.1.1 | 156.00 | 234.00 | 390.00 | NOTE |
Version: 1.1.1
Check: package dependencies
Result: NOTE
Package suggested but not available for checking: ‘gurobi’
Flavors: r-oldrel-macos-arm64, r-oldrel-macos-x86_64, r-oldrel-windows-x86_64
Version: 1.1.1
Check: installed package size
Result: NOTE
installed size is 9.8Mb
sub-directories of 1Mb or more:
libs 8.9Mb
Flavors: r-oldrel-macos-arm64, r-oldrel-macos-x86_64