Last updated on 2022-06-28 10:49:21 CEST.
Flavor | Version | Tinstall | Tcheck | Ttotal | Status | Flags |
---|---|---|---|---|---|---|
r-devel-linux-x86_64-debian-clang | 0.2.0 | 5.42 | 59.72 | 65.14 | OK | |
r-devel-linux-x86_64-debian-gcc | 0.2.0 | 4.39 | 44.50 | 48.89 | OK | |
r-devel-linux-x86_64-fedora-clang | 0.2.0 | 87.92 | NOTE | |||
r-devel-linux-x86_64-fedora-gcc | 0.2.0 | 85.45 | OK | |||
r-devel-windows-x86_64 | 0.2.0 | 20.00 | 81.00 | 101.00 | OK | |
r-patched-linux-x86_64 | 0.2.0 | 5.66 | 55.57 | 61.23 | OK | |
r-release-linux-x86_64 | 0.2.0 | 5.29 | 55.39 | 60.68 | OK | |
r-release-macos-arm64 | 0.2.0 | 26.00 | OK | |||
r-release-macos-x86_64 | 0.2.0 | 48.00 | OK | |||
r-release-windows-x86_64 | 0.2.0 | 21.00 | 81.00 | 102.00 | OK | |
r-oldrel-macos-arm64 | 0.2.0 | 30.00 | OK | |||
r-oldrel-macos-x86_64 | 0.2.0 | 51.00 | OK | |||
r-oldrel-windows-ix86+x86_64 | 0.2.0 | 17.00 | 84.00 | 101.00 | OK |
Version: 0.2.0
Check: Rd cross-references
Result: NOTE
Undeclared package ‘truncdist’ in Rd xrefs
Flavor: r-devel-linux-x86_64-fedora-clang