Last updated on 2024-04-23 10:54:19 CEST.
Flavor | Version | Tinstall | Tcheck | Ttotal | Status | Flags |
---|---|---|---|---|---|---|
r-devel-linux-x86_64-debian-clang | 1.0.1 | 23.29 | 144.38 | 167.67 | OK | |
r-devel-linux-x86_64-debian-gcc | 1.0.1 | 17.21 | 103.46 | 120.67 | OK | |
r-devel-linux-x86_64-fedora-clang | 1.0.1 | 209.66 | NOTE | |||
r-devel-linux-x86_64-fedora-gcc | 1.0.1 | 207.68 | NOTE | |||
r-prerel-macos-arm64 | 1.0.1 | 79.00 | OK | |||
r-prerel-windows-x86_64 | 1.0.1 | 17.00 | 108.00 | 125.00 | OK | |
r-patched-linux-x86_64 | 1.0.1 | 22.80 | 135.48 | 158.28 | OK | |
r-release-linux-x86_64 | 1.0.1 | 20.18 | 124.94 | 145.12 | OK | |
r-release-macos-arm64 | 1.0.1 | 57.00 | OK | |||
r-release-macos-x86_64 | 1.0.1 | 107.00 | OK | |||
r-release-windows-x86_64 | 1.0.1 | 19.00 | 131.00 | 150.00 | OK | |
r-oldrel-macos-arm64 | 1.0.1 | 72.00 | NOTE | |||
r-oldrel-windows-x86_64 | 1.0.1 | 21.00 | 123.00 | 144.00 | OK |
Version: 1.0.1
Check: data for non-ASCII characters
Result: NOTE
Note: found 78 marked UTF-8 strings
Flavors: r-devel-linux-x86_64-fedora-clang, r-devel-linux-x86_64-fedora-gcc, r-oldrel-macos-arm64