CRAN Package Check Results for Package subscreen

Last updated on 2020-08-10 10:03:19 CEST.

Flavor Version Tinstall Tcheck Ttotal Status Flags
r-devel-linux-x86_64-debian-clang 3.0.0 3.56 51.78 55.34 OK
r-devel-linux-x86_64-debian-gcc 3.0.0 3.17 36.56 39.73 OK
r-devel-linux-x86_64-fedora-clang 3.0.0 71.22 NOTE
r-devel-linux-x86_64-fedora-gcc 3.0.0 60.06 NOTE
r-devel-windows-ix86+x86_64 3.0.0 10.00 79.00 89.00 OK
r-patched-linux-x86_64 3.0.0 4.15 46.51 50.66 OK
r-patched-solaris-x86 3.0.0 96.30 NOTE
r-release-linux-x86_64 3.0.0 3.79 45.35 49.14 OK
r-release-macos-x86_64 3.0.0 NOTE
r-release-windows-ix86+x86_64 3.0.0 14.00 83.00 97.00 OK
r-oldrel-macos-x86_64 3.0.0 NOTE
r-oldrel-windows-ix86+x86_64 3.0.0 7.00 72.00 79.00 OK

Check Details

Version: 3.0.0
Check: dependencies in R code
Result: NOTE
    Namespaces in Imports field not imported from:
     ‘DT’ ‘V8’ ‘bsplus’ ‘colourpicker’ ‘dplyr’ ‘grDevices’ ‘graphics’
     ‘jsonlite’ ‘purrr’ ‘shinyWidgets’ ‘shinyjs’
     All declared Imports should be used.
Flavors: r-devel-linux-x86_64-fedora-clang, r-devel-linux-x86_64-fedora-gcc, r-patched-solaris-x86, r-release-macos-x86_64, r-oldrel-macos-x86_64