Last updated on 2024-04-23 10:54:19 CEST.
Flavor | Version | Tinstall | Tcheck | Ttotal | Status | Flags |
---|---|---|---|---|---|---|
r-devel-linux-x86_64-debian-clang | 0.16.0 | 24.78 | 147.04 | 171.82 | NOTE | |
r-devel-linux-x86_64-debian-gcc | 0.16.0 | 24.80 | 103.32 | 128.12 | NOTE | |
r-devel-linux-x86_64-fedora-clang | 0.16.0 | 224.05 | NOTE | |||
r-devel-linux-x86_64-fedora-gcc | 0.16.0 | 239.77 | NOTE | |||
r-prerel-macos-arm64 | 0.16.0 | 61.00 | NOTE | |||
r-prerel-windows-x86_64 | 0.16.0 | 60.00 | 149.00 | 209.00 | NOTE | |
r-patched-linux-x86_64 | 0.16.0 | 29.18 | 144.59 | 173.77 | NOTE | |
r-release-linux-x86_64 | 0.16.0 | 27.52 | 141.69 | 169.21 | NOTE | |
r-release-macos-arm64 | 0.16.0 | 68.00 | NOTE | |||
r-release-macos-x86_64 | 0.16.0 | 193.00 | NOTE | |||
r-release-windows-x86_64 | 0.16.0 | 64.00 | 182.00 | 246.00 | NOTE | |
r-oldrel-macos-arm64 | 0.16.0 | 60.00 | NOTE | |||
r-oldrel-windows-x86_64 | 0.16.0 | 74.00 | 179.00 | 253.00 | NOTE |
Version: 0.16.0
Check: for GNU extensions in Makefiles
Result: NOTE
GNU make is a SystemRequirements.
Flavors: r-devel-linux-x86_64-debian-clang, r-devel-linux-x86_64-debian-gcc, r-devel-linux-x86_64-fedora-clang, r-devel-linux-x86_64-fedora-gcc, r-prerel-macos-arm64, r-prerel-windows-x86_64, r-patched-linux-x86_64, r-release-linux-x86_64, r-release-macos-arm64, r-release-macos-x86_64, r-release-windows-x86_64, r-oldrel-macos-arm64, r-oldrel-windows-x86_64
Version: 0.16.0
Check: compiled code
Result: NOTE
File ‘stringfish/libs/stringfish.so’:
Found non-API call to R: ‘STDVEC_DATAPTR’
Compiled code should not call non-API entry points in R.
See ‘Writing portable packages’ in the ‘Writing R Extensions’ manual.
Flavors: r-devel-linux-x86_64-debian-gcc, r-devel-linux-x86_64-fedora-gcc