Last updated on 2024-04-18 10:50:05 CEST.
Flavor | Version | Tinstall | Tcheck | Ttotal | Status | Flags |
---|---|---|---|---|---|---|
r-devel-linux-x86_64-debian-clang | 0.1.17 | 4.37 | 33.42 | 37.79 | NOTE | |
r-devel-linux-x86_64-debian-gcc | 0.1.17 | 2.97 | 25.02 | 27.99 | NOTE | |
r-devel-linux-x86_64-fedora-clang | 0.1.17 | 47.31 | NOTE | |||
r-devel-linux-x86_64-fedora-gcc | 0.1.17 | 44.95 | NOTE | |||
r-prerel-macos-arm64 | 0.1.17 | 18.00 | NOTE | |||
r-prerel-windows-x86_64 | 0.1.17 | 5.00 | 53.00 | 58.00 | NOTE | |
r-patched-linux-x86_64 | 0.1.17 | 4.76 | 31.50 | 36.26 | NOTE | |
r-release-linux-x86_64 | 0.1.17 | 3.32 | 32.21 | 35.53 | NOTE | |
r-release-macos-arm64 | 0.1.17 | 19.00 | NOTE | |||
r-release-macos-x86_64 | 0.1.17 | 27.00 | NOTE | |||
r-release-windows-x86_64 | 0.1.17 | 6.00 | 56.00 | 62.00 | NOTE | |
r-oldrel-macos-arm64 | 0.1.17 | 22.00 | NOTE | |||
r-oldrel-windows-x86_64 | 0.1.17 | 6.00 | 53.00 | 59.00 | NOTE |
Version: 0.1.17
Check: Rd \usage sections
Result: NOTE
Documented arguments not in \usage in Rd file 'get_groups.Rd':
‘groups’
Functions with \usage entries need to have the appropriate \alias
entries, and all their arguments documented.
The \usage entries must correspond to syntactically valid R code.
See chapter ‘Writing R documentation files’ in the ‘Writing R
Extensions’ manual.
Flavors: r-devel-linux-x86_64-debian-clang, r-devel-linux-x86_64-debian-gcc, r-devel-linux-x86_64-fedora-clang, r-devel-linux-x86_64-fedora-gcc, r-prerel-macos-arm64, r-prerel-windows-x86_64, r-patched-linux-x86_64
Version: 0.1.17
Check: LazyData
Result: NOTE
'LazyData' is specified without a 'data' directory
Flavors: r-devel-linux-x86_64-debian-clang, r-devel-linux-x86_64-debian-gcc, r-devel-linux-x86_64-fedora-clang, r-devel-linux-x86_64-fedora-gcc, r-prerel-macos-arm64, r-prerel-windows-x86_64, r-patched-linux-x86_64, r-release-linux-x86_64, r-release-macos-arm64, r-release-macos-x86_64, r-release-windows-x86_64, r-oldrel-macos-arm64, r-oldrel-windows-x86_64