CRAN Package Check Results for Package strex

Last updated on 2022-11-29 09:52:27 CET.

Flavor Version Tinstall Tcheck Ttotal Status Flags
r-devel-linux-x86_64-debian-clang 1.4.4 7.24 51.48 58.72 OK
r-devel-linux-x86_64-debian-gcc 1.4.4 5.11 40.28 45.39 OK
r-devel-linux-x86_64-fedora-clang 1.4.4 83.70 OK
r-devel-linux-x86_64-fedora-gcc 1.4.4 82.75 OK
r-devel-windows-x86_64 1.4.4 33.00 98.00 131.00 OK
r-patched-linux-x86_64 1.4.4 5.87 47.07 52.94 OK
r-release-linux-x86_64 1.4.4 6.25 44.85 51.10 OK
r-release-macos-arm64 1.4.4 26.00 OK
r-release-macos-x86_64 1.4.4 37.00 OK
r-release-windows-x86_64 1.4.4 36.00 92.00 128.00 OK
r-oldrel-macos-arm64 1.4.4 32.00 OK
r-oldrel-macos-x86_64 1.4.4 42.00 OK
r-oldrel-windows-ix86+x86_64 1.4.4 14.00 20.00 34.00 ERROR

Check Details

Version: 1.4.4
Check: package dependencies
Result: ERROR
    Package required and available but unsuitable version: 'stringi'
    
    See section 'The DESCRIPTION file' in the 'Writing R Extensions'
    manual.
Flavor: r-oldrel-windows-ix86+x86_64