Last updated on 2024-04-17 08:57:47 CEST.
Flavor | Version | Tinstall | Tcheck | Ttotal | Status | Flags |
---|---|---|---|---|---|---|
r-devel-linux-x86_64-debian-clang | 0.2.0 | 26.03 | 249.29 | 275.32 | OK | |
r-devel-linux-x86_64-debian-gcc | 0.2.0 | 16.55 | 181.75 | 198.30 | OK | |
r-devel-linux-x86_64-fedora-clang | 0.2.0 | 335.03 | NOTE | |||
r-devel-linux-x86_64-fedora-gcc | 0.2.0 | 336.68 | NOTE | |||
r-prerel-macos-arm64 | 0.2.0 | 93.00 | OK | |||
r-prerel-windows-x86_64 | 0.2.0 | 17.00 | 171.00 | 188.00 | OK | |
r-patched-linux-x86_64 | 0.2.0 | 18.52 | 237.39 | 255.91 | OK | |
r-release-linux-x86_64 | 0.2.0 | 13.84 | 240.30 | 254.14 | OK | |
r-release-macos-arm64 | 0.2.0 | 112.00 | OK | |||
r-release-macos-x86_64 | 0.2.0 | 213.00 | OK | |||
r-release-windows-x86_64 | 0.2.0 | 25.00 | 238.00 | 263.00 | OK | |
r-oldrel-macos-arm64 | 0.2.0 | 85.00 | NOTE | |||
r-oldrel-windows-x86_64 | 0.2.0 | 26.00 | 230.00 | 256.00 | OK |
Version: 0.2.0
Check: data for non-ASCII characters
Result: NOTE
Note: found 1 marked UTF-8 string
Flavors: r-devel-linux-x86_64-fedora-clang, r-devel-linux-x86_64-fedora-gcc, r-oldrel-macos-arm64