Last updated on 2024-04-17 08:57:47 CEST.
Flavor | Version | Tinstall | Tcheck | Ttotal | Status | Flags |
---|---|---|---|---|---|---|
r-devel-linux-x86_64-debian-clang | 1.7.12 | 267.08 | 481.03 | 748.11 | OK | |
r-devel-linux-x86_64-debian-gcc | 1.7.12 | 194.60 | 330.71 | 525.31 | OK | |
r-devel-linux-x86_64-fedora-clang | 1.7.12 | 967.36 | OK | |||
r-devel-linux-x86_64-fedora-gcc | 1.7.12 | 939.64 | OK | |||
r-prerel-macos-arm64 | 1.7.12 | 202.00 | NOTE | |||
r-prerel-windows-x86_64 | 1.7.12 | 183.00 | 344.00 | 527.00 | OK | |
r-patched-linux-x86_64 | 1.7.12 | 173.27 | 449.90 | 623.17 | OK | |
r-release-linux-x86_64 | 1.7.12 | 174.86 | 451.96 | 626.82 | OK | |
r-release-macos-arm64 | 1.7.12 | 238.00 | NOTE | |||
r-release-macos-x86_64 | 1.7.12 | 502.00 | NOTE | |||
r-release-windows-x86_64 | 1.7.12 | 239.00 | 435.00 | 674.00 | OK | |
r-oldrel-macos-arm64 | 1.7.12 | 201.00 | NOTE | |||
r-oldrel-windows-x86_64 | 1.7.12 | 226.00 | 410.00 | 636.00 | OK |
Version: 1.7.12
Check: installed package size
Result: NOTE
installed size is 9.0Mb
sub-directories of 1Mb or more:
libs 6.7Mb
Flavors: r-prerel-macos-arm64, r-release-macos-arm64, r-release-macos-x86_64, r-oldrel-macos-arm64