Last updated on 2023-02-05 09:57:32 CET.
Flavor | Version | Tinstall | Tcheck | Ttotal | Status | Flags |
---|---|---|---|---|---|---|
r-devel-linux-x86_64-debian-clang | 1.7.12 | 253.87 | 471.99 | 725.86 | OK | |
r-devel-linux-x86_64-debian-gcc | 1.7.12 | 190.47 | 331.19 | 521.66 | OK | |
r-devel-linux-x86_64-fedora-clang | 1.7.12 | 953.28 | OK | |||
r-devel-linux-x86_64-fedora-gcc | 1.7.12 | 889.24 | OK | |||
r-devel-windows-x86_64 | 1.7.12 | 189.00 | 496.00 | 685.00 | OK | |
r-patched-linux-x86_64 | 1.7.12 | 186.25 | 431.10 | 617.35 | OK | |
r-release-linux-x86_64 | 1.7.12 | 171.83 | 433.44 | 605.27 | OK | |
r-release-macos-arm64 | 1.7.12 | 201.00 | NOTE | |||
r-release-macos-x86_64 | 1.7.12 | 295.00 | NOTE | |||
r-release-windows-x86_64 | 1.7.12 | 186.00 | 499.00 | 685.00 | OK | |
r-oldrel-macos-arm64 | 1.7.12 | 194.00 | NOTE | |||
r-oldrel-macos-x86_64 | 1.7.12 | 292.00 | NOTE | |||
r-oldrel-windows-ix86+x86_64 | 1.7.12 | 513.00 | 568.00 | 1081.00 | NOTE |
Version: 1.7.12
Check: installed package size
Result: NOTE
installed size is 9.5Mb
sub-directories of 1Mb or more:
libs 7.2Mb
Flavors: r-release-macos-arm64, r-release-macos-x86_64, r-oldrel-macos-arm64, r-oldrel-macos-x86_64, r-oldrel-windows-ix86+x86_64