Last updated on 2024-04-24 10:23:10 CEST.
Flavor | Version | Tinstall | Tcheck | Ttotal | Status | Flags |
---|---|---|---|---|---|---|
r-devel-linux-x86_64-debian-clang | 0.3.0 | 5.82 | 62.65 | 68.47 | OK | |
r-devel-linux-x86_64-debian-gcc | 0.3.0 | 4.88 | 46.00 | 50.88 | OK | |
r-devel-linux-x86_64-fedora-clang | 0.3.0 | 86.12 | NOTE | |||
r-devel-linux-x86_64-fedora-gcc | 0.3.0 | 95.25 | NOTE | |||
r-devel-windows-x86_64 | 0.3.0 | 10.00 | 71.00 | 81.00 | OK | |
r-patched-linux-x86_64 | 0.3.0 | 12.24 | 58.66 | 70.90 | OK | |
r-release-linux-x86_64 | 0.3.0 | 5.74 | 56.92 | 62.66 | OK | |
r-release-macos-arm64 | 0.3.0 | 43.00 | OK | |||
r-release-windows-x86_64 | 0.3.0 | 10.00 | 82.00 | 92.00 | OK | |
r-oldrel-macos-arm64 | 0.3.0 | 40.00 | OK | |||
r-oldrel-macos-x86_64 | 0.3.0 | 64.00 | OK | |||
r-oldrel-windows-x86_64 | 0.3.0 | 12.00 | 78.00 | 90.00 | OK |
Version: 0.3.0
Check: data for non-ASCII characters
Result: NOTE
Note: found 1725 marked UTF-8 strings
Flavors: r-devel-linux-x86_64-fedora-clang, r-devel-linux-x86_64-fedora-gcc