CRAN Package Check Results for Package statnipokladna

Last updated on 2020-08-07 10:07:46 CEST.

Flavor Version Tinstall Tcheck Ttotal Status Flags
r-devel-linux-x86_64-debian-clang 0.5.7 3.06 35.59 38.65 OK
r-devel-linux-x86_64-debian-gcc 0.5.7 3.00 27.04 30.04 OK
r-devel-linux-x86_64-fedora-clang 0.5.7 54.65 NOTE
r-devel-linux-x86_64-fedora-gcc 0.5.7 45.18 NOTE
r-devel-windows-ix86+x86_64 0.5.7 20.00 69.00 89.00 OK
r-patched-linux-x86_64 0.5.7 3.68 34.37 38.05 OK
r-patched-solaris-x86 0.5.7 74.80 NOTE
r-release-linux-x86_64 0.5.7 3.10 34.75 37.85 OK
r-release-macos-x86_64 0.5.7 NOTE
r-release-windows-ix86+x86_64 0.5.7 18.00 50.00 68.00 OK
r-oldrel-macos-x86_64 0.5.7 NOTE
r-oldrel-windows-ix86+x86_64 0.5.7 7.00 56.00 63.00 OK

Check Details

Version: 0.5.7
Check: data for non-ASCII characters
Result: NOTE
     Note: found 47 marked UTF-8 strings
Flavors: r-devel-linux-x86_64-fedora-clang, r-devel-linux-x86_64-fedora-gcc, r-patched-solaris-x86, r-release-macos-x86_64, r-oldrel-macos-x86_64