Last updated on 2024-04-20 09:56:16 CEST.
Flavor | Version | Tinstall | Tcheck | Ttotal | Status | Flags |
---|---|---|---|---|---|---|
r-devel-linux-x86_64-debian-clang | 1.1.10 | 14.66 | 107.98 | 122.64 | NOTE | |
r-devel-linux-x86_64-debian-gcc | 1.1.10 | 9.92 | 79.38 | 89.30 | NOTE | |
r-devel-linux-x86_64-fedora-clang | 1.1.10 | 150.16 | NOTE | |||
r-devel-linux-x86_64-fedora-gcc | 1.1.10 | 141.70 | NOTE | |||
r-prerel-macos-arm64 | 1.1.10 | 43.00 | NOTE | |||
r-prerel-windows-x86_64 | 1.1.10 | 13.00 | 95.00 | 108.00 | NOTE | |
r-patched-linux-x86_64 | 1.1.10 | 13.25 | 103.86 | 117.11 | NOTE | |
r-release-linux-x86_64 | 1.1.10 | 13.86 | 105.05 | 118.91 | NOTE | |
r-release-macos-arm64 | 1.1.10 | 44.00 | NOTE | |||
r-release-macos-x86_64 | 1.1.10 | 76.00 | NOTE | |||
r-release-windows-x86_64 | 1.1.10 | 17.00 | 110.00 | 127.00 | NOTE | |
r-oldrel-macos-arm64 | 1.1.10 | 44.00 | OK | |||
r-oldrel-windows-x86_64 | 1.1.10 | 18.00 | 120.00 | 138.00 | OK |
Version: 1.1.10
Check: Rd files
Result: NOTE
checkRd: (-1) multiCUMSUM.Rd:33: Escaped LaTeX specials: \&
Flavors: r-devel-linux-x86_64-debian-clang, r-devel-linux-x86_64-debian-gcc, r-devel-linux-x86_64-fedora-clang, r-devel-linux-x86_64-fedora-gcc, r-prerel-macos-arm64, r-prerel-windows-x86_64, r-patched-linux-x86_64, r-release-linux-x86_64, r-release-macos-arm64, r-release-macos-x86_64, r-release-windows-x86_64