Last updated on 2024-05-09 10:50:08 CEST.
Flavor | Version | Tinstall | Tcheck | Ttotal | Status | Flags |
---|---|---|---|---|---|---|
r-devel-linux-x86_64-debian-clang | 1.3 | 61.63 | 66.94 | 128.57 | OK | |
r-devel-linux-x86_64-debian-gcc | 1.3 | 44.74 | 50.97 | 95.71 | OK | |
r-devel-linux-x86_64-fedora-clang | 1.3 | 169.57 | NOTE | |||
r-devel-linux-x86_64-fedora-gcc | 1.3 | 226.92 | NOTE | |||
r-devel-windows-x86_64 | 1.3 | 47.00 | 88.00 | 135.00 | OK | |
r-patched-linux-x86_64 | 1.3 | 58.53 | 65.97 | 124.50 | OK | |
r-release-linux-x86_64 | 1.3 | 60.15 | 65.41 | 125.56 | OK | |
r-release-macos-arm64 | 1.3 | 45.00 | OK | |||
r-release-windows-x86_64 | 1.3 | 48.00 | 87.00 | 135.00 | OK | |
r-oldrel-macos-arm64 | 1.3 | 50.00 | OK | |||
r-oldrel-macos-x86_64 | 1.3 | 81.00 | OK | |||
r-oldrel-windows-x86_64 | 1.3 | 58.00 | 101.00 | 159.00 | OK |
Version: 1.3
Check: compiled code
Result: NOTE
File ‘starma/libs/starma.so’:
Found no calls to: ‘R_registerRoutines’, ‘R_useDynamicSymbols’
It is good practice to register native routines and to disable symbol
search.
See ‘Writing portable packages’ in the ‘Writing R Extensions’ manual.
Flavors: r-devel-linux-x86_64-fedora-clang, r-devel-linux-x86_64-fedora-gcc