CRAN Package Check Results for Package stargazer

Last updated on 2020-08-05 10:06:16 CEST.

Flavor Version Tinstall Tcheck Ttotal Status Flags
r-devel-linux-x86_64-debian-clang 5.2.2 10.86 54.88 65.74 NOTE
r-devel-linux-x86_64-debian-gcc 5.2.2 9.67 40.68 50.35 NOTE
r-devel-linux-x86_64-fedora-clang 5.2.2 90.36 NOTE
r-devel-linux-x86_64-fedora-gcc 5.2.2 81.12 NOTE
r-devel-windows-ix86+x86_64 5.2.2 21.00 65.00 86.00 OK
r-patched-linux-x86_64 5.2.2 10.95 54.81 65.76 NOTE
r-patched-solaris-x86 5.2.2 96.90 NOTE
r-release-linux-x86_64 5.2.2 12.20 54.91 67.11 NOTE
r-release-macos-x86_64 5.2.2 NOTE
r-release-windows-ix86+x86_64 5.2.2 17.00 83.00 100.00 OK
r-oldrel-macos-x86_64 5.2.2 NOTE
r-oldrel-windows-ix86+x86_64 5.2.2 17.00 80.00 97.00 OK

Check Details

Version: 5.2.2
Check: package dependencies
Result: NOTE
    Package which this enhances but not available for checking: 'Zelig'
Flavors: r-devel-linux-x86_64-debian-clang, r-devel-linux-x86_64-debian-gcc, r-devel-linux-x86_64-fedora-clang, r-devel-linux-x86_64-fedora-gcc, r-patched-linux-x86_64, r-patched-solaris-x86, r-release-linux-x86_64, r-release-macos-x86_64

Version: 5.2.2
Check: package dependencies
Result: NOTE
    Package which this enhances but not available for checking: ‘mnlogit’
Flavor: r-oldrel-macos-x86_64