Last updated on 2024-04-19 10:57:43 CEST.
Flavor | Version | Tinstall | Tcheck | Ttotal | Status | Flags |
---|---|---|---|---|---|---|
r-devel-linux-x86_64-debian-clang | 0.7.1 | 2.14 | 53.23 | 55.37 | NOTE | --no-vignettes |
r-devel-linux-x86_64-debian-gcc | 0.7.1 | NOTE | --no-vignettes | |||
r-devel-linux-x86_64-fedora-clang | 0.7.1 | 1702.47 | NOTE | |||
r-devel-linux-x86_64-fedora-gcc | 0.7.1 | 1757.58 | NOTE | |||
r-prerel-macos-arm64 | 0.7.1 | 277.00 | NOTE | |||
r-prerel-windows-x86_64 | 0.7.1 | 4.00 | 876.00 | 880.00 | NOTE | |
r-patched-linux-x86_64 | 0.7.1 | 4.20 | 48.96 | 53.16 | NOTE | --no-vignettes |
r-release-linux-x86_64 | 0.7.1 | 3.12 | 50.21 | 53.33 | NOTE | --no-vignettes |
r-release-macos-arm64 | 0.7.1 | 314.00 | NOTE | |||
r-release-macos-x86_64 | 0.7.1 | 714.00 | NOTE | |||
r-release-windows-x86_64 | 0.7.1 | 4.00 | 1027.00 | 1031.00 | NOTE | |
r-oldrel-macos-arm64 | 0.7.1 | 260.00 | NOTE | |||
r-oldrel-windows-x86_64 | 0.7.1 | 5.00 | 987.00 | 992.00 | NOTE |
Version: 0.7.1
Flags: --no-vignettes
Check: LazyData
Result: NOTE
'LazyData' is specified without a 'data' directory
Flavors: r-devel-linux-x86_64-debian-clang, r-devel-linux-x86_64-debian-gcc, r-patched-linux-x86_64, r-release-linux-x86_64
Version: 0.7.1
Check: LazyData
Result: NOTE
'LazyData' is specified without a 'data' directory
Flavors: r-devel-linux-x86_64-fedora-clang, r-devel-linux-x86_64-fedora-gcc, r-prerel-macos-arm64, r-prerel-windows-x86_64, r-release-macos-arm64, r-release-macos-x86_64, r-release-windows-x86_64, r-oldrel-macos-arm64, r-oldrel-windows-x86_64