Last updated on 2024-03-29 11:54:07 CET.
Flavor | Version | Tinstall | Tcheck | Ttotal | Status | Flags |
---|---|---|---|---|---|---|
r-devel-linux-x86_64-debian-clang | 0.2.2 | 11.00 | 111.29 | 122.29 | NOTE | |
r-devel-linux-x86_64-debian-gcc | 0.2.2 | 7.06 | 84.33 | 91.39 | NOTE | |
r-devel-linux-x86_64-fedora-clang | 0.2.2 | 149.74 | NOTE | |||
r-devel-linux-x86_64-fedora-gcc | 0.2.2 | 161.68 | NOTE | |||
r-devel-windows-x86_64 | 0.2.2 | 10.00 | 97.00 | 107.00 | NOTE | |
r-patched-linux-x86_64 | 0.2.2 | 7.83 | 109.67 | 117.50 | NOTE | |
r-release-linux-x86_64 | 0.2.2 | 7.55 | 107.93 | 115.48 | OK | |
r-release-macos-arm64 | 0.2.2 | 56.00 | OK | |||
r-release-macos-x86_64 | 0.2.2 | 88.00 | OK | |||
r-release-windows-x86_64 | 0.2.2 | 13.00 | 157.00 | 170.00 | OK | |
r-oldrel-macos-arm64 | 0.2.2 | 43.00 | OK | |||
r-oldrel-windows-x86_64 | 0.2.2 | 14.00 | 111.00 | 125.00 | OK |
Version: 0.2.2
Check: Rd files
Result: NOTE
checkRd: (-1) standardize.Rd:94: Lost braces; missing escapes or markup?
94 | take on values {-0.5, 0, 0.5} rather than {-1, 0, 1}, the standard deviation
| ^
checkRd: (-1) standardize.Rd:94: Lost braces; missing escapes or markup?
94 | take on values {-0.5, 0, 0.5} rather than {-1, 0, 1}, the standard deviation
| ^
Flavors: r-devel-linux-x86_64-debian-clang, r-devel-linux-x86_64-debian-gcc, r-devel-linux-x86_64-fedora-clang, r-devel-linux-x86_64-fedora-gcc, r-devel-windows-x86_64, r-patched-linux-x86_64