CRAN Package Check Results for Package staggered

Last updated on 2023-01-27 10:50:30 CET.

Flavor Version Tinstall Tcheck Ttotal Status Flags
r-devel-linux-x86_64-debian-clang 1.1 74.68 70.98 145.66 OK
r-devel-linux-x86_64-debian-gcc 1.1 65.00 46.92 111.92 OK
r-devel-linux-x86_64-fedora-clang 1.1 170.48 NOTE
r-devel-linux-x86_64-fedora-gcc 1.1 169.32 NOTE
r-patched-linux-x86_64 1.1 70.31 55.82 126.13 OK
r-release-linux-x86_64 1.1 59.11 54.67 113.78 OK
r-release-macos-arm64 1.1 53.00 NOTE
r-release-macos-x86_64 1.1 95.00 NOTE
r-release-windows-x86_64 1.1 57.00 103.00 160.00 OK
r-oldrel-macos-arm64 1.1 44.00 NOTE
r-oldrel-macos-x86_64 1.1 62.00 NOTE
r-oldrel-windows-ix86+x86_64 1.1 153.00 134.00 287.00 OK

Check Details

Version: 1.1
Check: dependencies in R code
Result: NOTE
    Namespaces in Imports field not imported from:
     ‘reshape2’ ‘stats’
     All declared Imports should be used.
Flavors: r-devel-linux-x86_64-fedora-clang, r-devel-linux-x86_64-fedora-gcc, r-release-macos-arm64, r-release-macos-x86_64, r-oldrel-macos-arm64, r-oldrel-macos-x86_64

Version: 1.1
Check: installed package size
Result: NOTE
     installed size is 28.7Mb
     sub-directories of 1Mb or more:
     libs 28.1Mb
Flavors: r-release-macos-arm64, r-release-macos-x86_64, r-oldrel-macos-arm64, r-oldrel-macos-x86_64