CRAN Package Check Results for Package stablelearner

Last updated on 2022-01-17 09:56:12 CET.

Flavor Version Tinstall Tcheck Ttotal Status Flags
r-devel-linux-x86_64-debian-clang 0.1-3 9.83 150.25 160.08 OK
r-devel-linux-x86_64-debian-gcc 0.1-3 9.61 115.46 125.07 OK
r-devel-linux-x86_64-fedora-clang 0.1-3 196.81 NOTE
r-devel-linux-x86_64-fedora-gcc 0.1-3 183.35 NOTE
r-devel-windows-x86_64-new-UL 0.1-3 119.00 171.00 290.00 OK
r-devel-windows-x86_64-new-TK 0.1-3 NOTE
r-patched-linux-x86_64 0.1-3 16.73 146.74 163.47 OK
r-release-linux-x86_64 0.1-3 OK
r-release-macos-arm64 0.1-3 NOTE
r-release-macos-x86_64 0.1-3 NOTE
r-release-windows-ix86+x86_64 0.1-3 25.00 170.00 195.00 OK
r-oldrel-macos-x86_64 0.1-3 NOTE
r-oldrel-windows-ix86+x86_64 0.1-3 25.00 172.00 197.00 OK

Check Details

Version: 0.1-3
Check: data for non-ASCII characters
Result: NOTE
     Note: found 123 marked UTF-8 strings
Flavors: r-devel-linux-x86_64-fedora-clang, r-devel-linux-x86_64-fedora-gcc, r-devel-windows-x86_64-new-TK, r-release-macos-arm64, r-release-macos-x86_64, r-oldrel-macos-x86_64