CRAN Package Check Results for Package stabledist

Last updated on 2022-06-24 09:52:57 CEST.

Flavor Version Tinstall Tcheck Ttotal Status Flags
r-devel-linux-x86_64-debian-clang 0.7-1 3.33 97.04 100.37 NOTE
r-devel-linux-x86_64-debian-gcc 0.7-1 1.72 67.37 69.09 NOTE
r-devel-linux-x86_64-fedora-clang 0.7-1 130.96 NOTE
r-devel-linux-x86_64-fedora-gcc 0.7-1 126.49 NOTE
r-devel-windows-x86_64 0.7-1 13.00 122.00 135.00 NOTE
r-patched-linux-x86_64 0.7-1 2.20 91.23 93.43 NOTE
r-release-linux-x86_64 0.7-1 2.27 93.01 95.28 NOTE
r-release-macos-arm64 0.7-1 29.00 NOTE
r-release-macos-x86_64 0.7-1 48.00 NOTE
r-release-windows-x86_64 0.7-1 16.00 120.00 136.00 NOTE
r-oldrel-macos-arm64 0.7-1 33.00 NOTE
r-oldrel-macos-x86_64 0.7-1 65.00 NOTE
r-oldrel-windows-ix86+x86_64 0.7-1 6.00 123.00 129.00 NOTE

Check Details

Version: 0.7-1
Check: LazyData
Result: NOTE
     'LazyData' is specified without a 'data' directory
Flavors: r-devel-linux-x86_64-debian-clang, r-devel-linux-x86_64-debian-gcc, r-devel-linux-x86_64-fedora-clang, r-devel-linux-x86_64-fedora-gcc, r-devel-windows-x86_64, r-patched-linux-x86_64, r-release-linux-x86_64, r-release-macos-arm64, r-release-macos-x86_64, r-release-windows-x86_64, r-oldrel-macos-arm64, r-oldrel-macos-x86_64, r-oldrel-windows-ix86+x86_64