Last updated on 2024-04-19 10:57:42 CEST.
Flavor | Version | Tinstall | Tcheck | Ttotal | Status | Flags |
---|---|---|---|---|---|---|
r-devel-linux-x86_64-debian-clang | 1.0.2.5 | 22.44 | 185.34 | 207.78 | NOTE | |
r-devel-linux-x86_64-debian-gcc | 1.0.2.5 | NOTE | ||||
r-devel-linux-x86_64-fedora-clang | 1.0.2.5 | 262.68 | NOTE | |||
r-devel-linux-x86_64-fedora-gcc | 1.0.2.5 | 270.29 | NOTE | |||
r-prerel-macos-arm64 | 1.0.2.5 | 77.00 | NOTE | |||
r-prerel-windows-x86_64 | 1.0.2.5 | 22.00 | 138.00 | 160.00 | NOTE | |
r-patched-linux-x86_64 | 1.0.2.5 | 29.77 | 180.02 | 209.79 | NOTE | |
r-release-linux-x86_64 | 1.0.2.5 | 24.90 | 177.54 | 202.44 | OK | |
r-release-macos-arm64 | 1.0.2.5 | 83.00 | OK | |||
r-release-macos-x86_64 | 1.0.2.5 | 134.00 | OK | |||
r-release-windows-x86_64 | 1.0.2.5 | 27.00 | 172.00 | 199.00 | OK | |
r-oldrel-macos-arm64 | 1.0.2.5 | 72.00 | OK | |||
r-oldrel-windows-x86_64 | 1.0.2.5 | 30.00 | 179.00 | 209.00 | OK |
Version: 1.0.2.5
Check: Rd files
Result: NOTE
checkRd: (-1) impactspsur.Rd:42: Lost braces; missing escapes or markup?
42 | and a matching \code{Qres} list attribute if {Q} was given.
| ^
checkRd: (-1) spsur3sls.Rd:158: Lost braces; missing escapes or markup?
158 | the matrix of regressors, of order \emph{(Nxp_{g})}. Moreover,
| ^
checkRd: (-1) spsurgs3sls.Rd:67: Lost braces; missing escapes or markup?
67 | \item{het}{default {FALSE}: if {TRUE} uses the methods
| ^
checkRd: (-1) spsurgs3sls.Rd:67: Lost braces; missing escapes or markup?
67 | \item{het}{default {FALSE}: if {TRUE} uses the methods
| ^
Flavors: r-devel-linux-x86_64-debian-clang, r-devel-linux-x86_64-debian-gcc, r-devel-linux-x86_64-fedora-clang, r-devel-linux-x86_64-fedora-gcc, r-prerel-macos-arm64, r-prerel-windows-x86_64, r-patched-linux-x86_64