CRAN Package Check Results for Package spm2

Last updated on 2022-05-28 10:50:57 CEST.

Flavor Version Tinstall Tcheck Ttotal Status Flags
r-devel-linux-x86_64-debian-clang 1.1.2 5.55 58.34 63.89 OK
r-devel-linux-x86_64-debian-gcc 1.1.2 4.17 44.50 48.67 OK
r-devel-linux-x86_64-fedora-clang 1.1.2 81.41 NOTE
r-devel-linux-x86_64-fedora-gcc 1.1.2 65.21 NOTE
r-devel-windows-x86_64 1.1.2 25.00 74.00 99.00 OK
r-patched-linux-x86_64 1.1.2 6.25 55.55 61.80 OK
r-release-linux-x86_64 1.1.2 5.85 54.70 60.55 OK
r-release-macos-arm64 1.1.2 24.00 NOTE
r-release-macos-x86_64 1.1.2 37.00 NOTE
r-release-windows-x86_64 1.1.2 29.00 76.00 105.00 OK
r-oldrel-macos-arm64 1.1.2 20.00 NOTE
r-oldrel-macos-x86_64 1.1.2 30.00 NOTE
r-oldrel-windows-ix86+x86_64 1.1.2 16.00 69.00 85.00 OK

Check Details

Version: 1.1.2
Check: dependencies in R code
Result: NOTE
    Namespaces in Imports field not imported from:
     ‘MASS’ ‘psy’ ‘ranger’
     All declared Imports should be used.
Flavors: r-devel-linux-x86_64-fedora-clang, r-devel-linux-x86_64-fedora-gcc, r-release-macos-arm64, r-release-macos-x86_64, r-oldrel-macos-arm64, r-oldrel-macos-x86_64