CRAN Package Check Results for Package spm

Last updated on 2022-06-25 09:53:56 CEST.

Flavor Version Tinstall Tcheck Ttotal Status Flags
r-devel-linux-x86_64-debian-clang 1.2.2 8.77 44.88 53.65 OK
r-devel-linux-x86_64-debian-gcc 1.2.2 6.21 35.57 41.78 OK
r-devel-linux-x86_64-fedora-clang 1.2.2 80.07 NOTE
r-devel-linux-x86_64-fedora-gcc 1.2.2 74.34 NOTE
r-devel-windows-x86_64 1.2.2 27.00 78.00 105.00 OK
r-patched-linux-x86_64 1.2.2 9.22 43.75 52.97 OK
r-release-linux-x86_64 1.2.2 6.94 44.12 51.06 OK
r-release-macos-arm64 1.2.2 23.00 NOTE
r-release-macos-x86_64 1.2.2 38.00 NOTE
r-release-windows-x86_64 1.2.2 27.00 75.00 102.00 OK
r-oldrel-macos-arm64 1.2.2 21.00 NOTE
r-oldrel-macos-x86_64 1.2.2 35.00 NOTE
r-oldrel-windows-ix86+x86_64 1.2.2 18.00 70.00 88.00 OK

Check Details

Version: 1.2.2
Check: dependencies in R code
Result: NOTE
    Namespace in Imports field not imported from: ‘biomod2’
     All declared Imports should be used.
Flavors: r-devel-linux-x86_64-fedora-clang, r-devel-linux-x86_64-fedora-gcc, r-release-macos-arm64, r-release-macos-x86_64, r-oldrel-macos-arm64, r-oldrel-macos-x86_64