Last updated on 2023-03-27 09:50:29 CEST.
Flavor | Version | Tinstall | Tcheck | Ttotal | Status | Flags |
---|---|---|---|---|---|---|
r-devel-linux-x86_64-debian-clang | 1.4.8 | 2.99 | 39.14 | 42.13 | NOTE | |
r-devel-linux-x86_64-debian-gcc | 1.4.8 | 2.88 | 29.31 | 32.19 | NOTE | |
r-devel-linux-x86_64-fedora-clang | 1.4.8 | 52.15 | NOTE | |||
r-devel-linux-x86_64-fedora-gcc | 1.4.8 | 50.12 | NOTE | |||
r-patched-linux-x86_64 | 1.4.8 | 3.69 | 35.96 | 39.65 | NOTE | |
r-release-linux-x86_64 | 1.4.8 | 3.55 | 36.40 | 39.95 | OK | |
r-release-macos-arm64 | 1.4.8 | 19.00 | OK | |||
r-release-macos-x86_64 | 1.4.8 | 29.00 | OK | |||
r-release-windows-x86_64 | 1.4.8 | 172.00 | 65.00 | 237.00 | OK | |
r-oldrel-macos-arm64 | 1.4.8 | 22.00 | OK | |||
r-oldrel-macos-x86_64 | 1.4.8 | 40.00 | OK | |||
r-oldrel-windows-ix86+x86_64 | 1.4.8 | 8.00 | 67.00 | 75.00 | OK |
Version: 1.4.8
Check: package subdirectories
Result: NOTE
Problems with news in ‘NEWS.md’:
Cannot extract version info from the following section titles:
Feature Changes
Flavors: r-devel-linux-x86_64-debian-clang, r-devel-linux-x86_64-debian-gcc, r-devel-linux-x86_64-fedora-clang, r-devel-linux-x86_64-fedora-gcc, r-patched-linux-x86_64
Version: 1.4.8
Check: Rd cross-references
Result: NOTE
Undeclared packages ‘reshape2’, ‘sampling’, ‘dplyr’ in Rd xrefs
Flavor: r-devel-linux-x86_64-fedora-clang