CRAN Package Check Results for Package splitTools

Last updated on 2022-01-21 10:54:12 CET.

Flavor Version Tinstall Tcheck Ttotal Status Flags
r-devel-linux-x86_64-debian-clang 0.3.1 1.70 50.79 52.49 NOTE
r-devel-linux-x86_64-debian-gcc 0.3.1 1.56 39.88 41.44 NOTE
r-devel-linux-x86_64-fedora-clang 0.3.1 63.21 NOTE
r-devel-linux-x86_64-fedora-gcc 0.3.1 51.66 NOTE
r-devel-windows-x86_64-new-UL 0.3.1 30.00 64.00 94.00 NOTE
r-devel-windows-x86_64-new-TK 0.3.1 NOTE
r-patched-linux-x86_64 0.3.1 1.50 48.40 49.90 NOTE
r-release-linux-x86_64 0.3.1 2.05 47.86 49.91 NOTE
r-release-macos-arm64 0.3.1 NOTE
r-release-macos-x86_64 0.3.1 NOTE
r-release-windows-ix86+x86_64 0.3.1 5.00 51.00 56.00 NOTE
r-oldrel-macos-x86_64 0.3.1 OK
r-oldrel-windows-ix86+x86_64 0.3.1 6.00 54.00 60.00 OK

Check Details

Version: 0.3.1
Check: LazyData
Result: NOTE
     'LazyData' is specified without a 'data' directory
Flavors: r-devel-linux-x86_64-debian-clang, r-devel-linux-x86_64-debian-gcc, r-devel-linux-x86_64-fedora-clang, r-devel-linux-x86_64-fedora-gcc, r-devel-windows-x86_64-new-UL, r-devel-windows-x86_64-new-TK, r-patched-linux-x86_64, r-release-linux-x86_64, r-release-macos-arm64, r-release-macos-x86_64, r-release-windows-ix86+x86_64