Last updated on 2024-04-19 10:57:42 CEST.
Flavor | Version | Tinstall | Tcheck | Ttotal | Status | Flags |
---|---|---|---|---|---|---|
r-devel-linux-x86_64-debian-clang | 0.2.1 | 161.19 | 83.07 | 244.26 | OK | |
r-devel-linux-x86_64-debian-gcc | 0.2.1 | OK | ||||
r-devel-linux-x86_64-fedora-clang | 0.2.1 | 336.37 | OK | |||
r-devel-linux-x86_64-fedora-gcc | 0.2.1 | 332.85 | OK | |||
r-prerel-macos-arm64 | 0.2.1 | 66.00 | NOTE | |||
r-prerel-macos-x86_64 | 0.2.1 | 102.00 | NOTE | |||
r-prerel-windows-x86_64 | 0.2.1 | 116.00 | 100.00 | 216.00 | OK | |
r-patched-linux-x86_64 | 0.2.1 | 114.21 | 74.67 | 188.88 | OK | |
r-release-linux-x86_64 | 0.2.1 | 112.50 | 74.14 | 186.64 | OK | |
r-release-macos-arm64 | 0.2.1 | 78.00 | NOTE | |||
r-release-macos-x86_64 | 0.2.1 | 102.00 | NOTE | |||
r-release-windows-x86_64 | 0.2.1 | 145.00 | 108.00 | 253.00 | OK | |
r-oldrel-macos-arm64 | 0.2.1 | 71.00 | NOTE | |||
r-oldrel-windows-x86_64 | 0.2.1 | 140.00 | 110.00 | 250.00 | OK |
Version: 0.2.1
Check: installed package size
Result: NOTE
installed size is 6.6Mb
sub-directories of 1Mb or more:
libs 6.0Mb
Flavors: r-prerel-macos-arm64, r-prerel-macos-x86_64, r-release-macos-arm64, r-release-macos-x86_64, r-oldrel-macos-arm64