CRAN Package Check Results for Package spectralGraphTopology

Last updated on 2020-08-07 10:07:44 CEST.

Flavor Version Tinstall Tcheck Ttotal Status Flags
r-devel-linux-x86_64-debian-clang 0.2.0 58.03 49.29 107.32 OK
r-devel-linux-x86_64-debian-gcc 0.2.0 39.08 39.46 78.54 OK
r-devel-linux-x86_64-fedora-clang 0.2.0 154.77 NOTE
r-devel-linux-x86_64-fedora-gcc 0.2.0 129.81 OK
r-devel-windows-ix86+x86_64 0.2.0 141.00 110.00 251.00 NOTE
r-patched-linux-x86_64 0.2.0 42.86 48.18 91.04 OK
r-patched-solaris-x86 0.2.0 148.20 OK
r-release-linux-x86_64 0.2.0 39.44 56.31 95.75 OK
r-release-macos-x86_64 0.2.0 NOTE
r-release-windows-ix86+x86_64 0.2.0 140.00 143.00 283.00 NOTE
r-oldrel-macos-x86_64 0.2.0 NOTE
r-oldrel-windows-ix86+x86_64 0.2.0 89.00 88.00 177.00 NOTE

Check Details

Version: 0.2.0
Check: installed package size
Result: NOTE
     installed size is 6.4Mb
     sub-directories of 1Mb or more:
     doc 3.1Mb
     libs 2.9Mb
Flavors: r-devel-linux-x86_64-fedora-clang, r-devel-windows-ix86+x86_64, r-release-macos-x86_64, r-release-windows-ix86+x86_64, r-oldrel-macos-x86_64, r-oldrel-windows-ix86+x86_64