Last updated on 2023-03-21 10:52:27 CET.
Flavor | Version | Tinstall | Tcheck | Ttotal | Status | Flags |
---|---|---|---|---|---|---|
r-devel-linux-x86_64-debian-clang | 3.0-2 | 13.56 | 108.23 | 121.79 | NOTE | |
r-devel-linux-x86_64-debian-gcc | 3.0-2 | 10.58 | 82.72 | 93.30 | NOTE | |
r-devel-linux-x86_64-fedora-clang | 3.0-2 | 153.44 | NOTE | |||
r-devel-linux-x86_64-fedora-gcc | 3.0-2 | 151.63 | NOTE | |||
r-patched-linux-x86_64 | 3.0-2 | 11.39 | 103.06 | 114.45 | NOTE | |
r-release-linux-x86_64 | 3.0-2 | 10.70 | 105.92 | 116.62 | NOTE | |
r-release-macos-arm64 | 3.0-2 | 47.00 | NOTE | |||
r-release-macos-x86_64 | 3.0-2 | 71.00 | NOTE | |||
r-release-windows-x86_64 | 3.0-2 | 21.00 | 133.00 | 154.00 | NOTE | |
r-oldrel-macos-arm64 | 3.0-2 | 47.00 | NOTE | |||
r-oldrel-macos-x86_64 | 3.0-2 | 66.00 | NOTE | |||
r-oldrel-windows-ix86+x86_64 | 3.0-2 | 33.00 | 178.00 | 211.00 | NOTE |
Version: 3.0-2
Check: package dependencies
Result: NOTE
Depends: includes the non-default packages:
'spatstat.data', 'spatstat.sparse', 'spatstat.geom',
'spatstat.random', 'spatstat.explore', 'spatstat.model',
'spatstat.linnet', 'spatstat'
Adding so many packages to the search path is excessive and importing
selectively is preferable.
Flavors: r-devel-linux-x86_64-debian-clang, r-devel-linux-x86_64-debian-gcc, r-devel-linux-x86_64-fedora-clang, r-devel-linux-x86_64-fedora-gcc, r-patched-linux-x86_64, r-release-linux-x86_64, r-release-macos-arm64, r-release-macos-x86_64, r-release-windows-x86_64, r-oldrel-macos-arm64, r-oldrel-macos-x86_64, r-oldrel-windows-ix86+x86_64