CRAN Package Check Results for Package spatialrisk

Last updated on 2022-10-05 10:51:53 CEST.

Flavor Version Tinstall Tcheck Ttotal Status Flags
r-devel-linux-x86_64-debian-clang 0.7.0 55.32 377.44 432.76 OK
r-devel-linux-x86_64-debian-gcc 0.7.0 47.37 272.44 319.81 OK
r-devel-linux-x86_64-fedora-clang 0.7.0 568.46 NOTE
r-devel-linux-x86_64-fedora-gcc 0.7.0 532.18 NOTE
r-devel-windows-x86_64 0.7.0 77.00 386.00 463.00 NOTE
r-patched-linux-x86_64 0.7.0 53.39 353.19 406.58 OK
r-release-linux-x86_64 0.7.0 54.86 350.95 405.81 OK
r-release-macos-arm64 0.7.0 134.00 NOTE
r-release-macos-x86_64 0.7.0 225.00 NOTE
r-release-windows-x86_64 0.7.0 98.00 379.00 477.00 NOTE
r-oldrel-macos-arm64 0.7.0 131.00 NOTE
r-oldrel-macos-x86_64 0.7.0 173.00 NOTE
r-oldrel-windows-ix86+x86_64 0.7.0 132.00 532.00 664.00 NOTE

Check Details

Version: 0.7.0
Check: data for non-ASCII characters
Result: NOTE
     Note: found 283 marked UTF-8 strings
Flavors: r-devel-linux-x86_64-fedora-clang, r-devel-linux-x86_64-fedora-gcc, r-release-macos-arm64, r-release-macos-x86_64, r-oldrel-macos-arm64, r-oldrel-macos-x86_64

Version: 0.7.0
Check: installed package size
Result: NOTE
     installed size is 5.4Mb
     sub-directories of 1Mb or more:
     data 2.6Mb
     help 1.7Mb
     libs 1.0Mb
Flavors: r-devel-windows-x86_64, r-release-macos-arm64, r-release-macos-x86_64, r-release-windows-x86_64, r-oldrel-macos-arm64, r-oldrel-macos-x86_64, r-oldrel-windows-ix86+x86_64