Last updated on 2023-02-06 09:55:58 CET.
Flavor | Version | Tinstall | Tcheck | Ttotal | Status | Flags |
---|---|---|---|---|---|---|
r-devel-linux-x86_64-debian-clang | 1.3 | 40.97 | 122.53 | 163.50 | NOTE | |
r-devel-linux-x86_64-debian-gcc | 1.3 | 30.22 | 89.77 | 119.99 | NOTE | |
r-devel-linux-x86_64-fedora-clang | 1.3 | 208.40 | NOTE | |||
r-devel-linux-x86_64-fedora-gcc | 1.3 | 192.81 | NOTE | |||
r-devel-windows-x86_64 | 1.3 | 45.00 | 173.00 | 218.00 | NOTE | |
r-patched-linux-x86_64 | 1.3 | 27.00 | 117.47 | 144.47 | NOTE | |
r-release-linux-x86_64 | 1.3 | 23.75 | 121.92 | 145.67 | NOTE | |
r-release-macos-arm64 | 1.3 | 51.00 | NOTE | |||
r-release-macos-x86_64 | 1.3 | 96.00 | NOTE | |||
r-release-windows-x86_64 | 1.3 | 42.00 | 181.00 | 223.00 | NOTE | |
r-oldrel-macos-arm64 | 1.3 | 56.00 | NOTE | |||
r-oldrel-macos-x86_64 | 1.3 | 99.00 | NOTE | |||
r-oldrel-windows-ix86+x86_64 | 1.3 | 77.00 | 204.00 | 281.00 | NOTE |
Version: 1.3
Check: LazyData
Result: NOTE
'LazyData' is specified without a 'data' directory
Flavors: r-devel-linux-x86_64-debian-clang, r-devel-linux-x86_64-debian-gcc, r-devel-linux-x86_64-fedora-clang, r-devel-linux-x86_64-fedora-gcc, r-devel-windows-x86_64, r-patched-linux-x86_64, r-release-linux-x86_64, r-release-macos-arm64, r-release-macos-x86_64, r-release-windows-x86_64, r-oldrel-macos-arm64, r-oldrel-macos-x86_64, r-oldrel-windows-ix86+x86_64