Last updated on 2024-04-23 10:54:18 CEST.
Flavor | Version | Tinstall | Tcheck | Ttotal | Status | Flags |
---|---|---|---|---|---|---|
r-devel-linux-x86_64-debian-clang | 0.2.0.1 | 86.50 | 51.64 | 138.14 | OK | |
r-devel-linux-x86_64-debian-gcc | 0.2.0.1 | 67.77 | 40.87 | 108.64 | OK | |
r-devel-linux-x86_64-fedora-clang | 0.2.0.1 | 183.58 | NOTE | |||
r-devel-linux-x86_64-fedora-gcc | 0.2.0.1 | 192.10 | NOTE | |||
r-prerel-macos-arm64 | 0.2.0.1 | 46.00 | NOTE | |||
r-prerel-windows-x86_64 | 0.2.0.1 | 70.00 | 83.00 | 153.00 | OK | |
r-patched-linux-x86_64 | 0.2.0.1 | 79.53 | 52.49 | 132.02 | OK | |
r-release-linux-x86_64 | 0.2.0.1 | 58.25 | 50.60 | 108.85 | OK | |
r-release-macos-arm64 | 0.2.0.1 | 68.00 | NOTE | |||
r-release-macos-x86_64 | 0.2.0.1 | 110.00 | NOTE | |||
r-release-windows-x86_64 | 0.2.0.1 | 80.00 | 96.00 | 176.00 | OK | |
r-oldrel-macos-arm64 | 0.2.0.1 | 62.00 | NOTE | |||
r-oldrel-windows-x86_64 | 0.2.0.1 | 77.00 | 94.00 | 171.00 | OK |
Version: 0.2.0.1
Check: compiled code
Result: NOTE
File ‘sparseLTSEigen/libs/sparseLTSEigen.so’:
Found no calls to: ‘R_registerRoutines’, ‘R_useDynamicSymbols’
It is good practice to register native routines and to disable symbol
search.
See ‘Writing portable packages’ in the ‘Writing R Extensions’ manual.
Flavors: r-devel-linux-x86_64-fedora-clang, r-devel-linux-x86_64-fedora-gcc
Version: 0.2.0.1
Check: installed package size
Result: NOTE
installed size is 13.7Mb
sub-directories of 1Mb or more:
libs 13.6Mb
Flavors: r-prerel-macos-arm64, r-release-macos-arm64, r-release-macos-x86_64, r-oldrel-macos-arm64