Last updated on 2023-01-27 10:50:29 CET.
Flavor | Version | Tinstall | Tcheck | Ttotal | Status | Flags |
---|---|---|---|---|---|---|
r-devel-linux-x86_64-debian-clang | 0.2.2 | 163.98 | 168.37 | 332.35 | OK | |
r-devel-linux-x86_64-debian-gcc | 0.2.2 | 135.11 | 137.05 | 272.16 | NOTE | |
r-devel-linux-x86_64-fedora-clang | 0.2.2 | 430.79 | NOTE | |||
r-devel-linux-x86_64-fedora-gcc | 0.2.2 | 425.88 | NOTE | |||
r-patched-linux-x86_64 | 0.2.2 | 142.94 | 162.90 | 305.84 | OK | |
r-release-linux-x86_64 | 0.2.2 | 139.77 | 159.49 | 299.26 | OK | |
r-release-macos-arm64 | 0.2.2 | 121.00 | NOTE | |||
r-release-macos-x86_64 | 0.2.2 | 180.00 | NOTE | |||
r-release-windows-x86_64 | 0.2.2 | 119.00 | 152.00 | 271.00 | OK | |
r-oldrel-macos-arm64 | 0.2.2 | 102.00 | NOTE | |||
r-oldrel-macos-x86_64 | 0.2.2 | 134.00 | NOTE | |||
r-oldrel-windows-ix86+x86_64 | 0.2.2 | 394.00 | 165.00 | 559.00 | OK |
Version: 0.2.2
Check: C++ specification
Result: NOTE
Specified C++11: please update to current default of C++17
Flavors: r-devel-linux-x86_64-debian-gcc, r-devel-linux-x86_64-fedora-clang, r-devel-linux-x86_64-fedora-gcc
Version: 0.2.2
Check: installed package size
Result: NOTE
installed size is 9.7Mb
sub-directories of 1Mb or more:
libs 9.4Mb
Flavors: r-release-macos-arm64, r-release-macos-x86_64, r-oldrel-macos-arm64, r-oldrel-macos-x86_64