Last updated on 2024-04-23 10:54:18 CEST.
Flavor | Version | Tinstall | Tcheck | Ttotal | Status | Flags |
---|---|---|---|---|---|---|
r-devel-linux-x86_64-debian-gcc | 0.7.6 | 134.74 | 285.64 | 420.38 | OK | |
r-devel-linux-x86_64-fedora-clang | 0.7.6 | 433.01 | OK | |||
r-devel-linux-x86_64-fedora-gcc | 0.7.6 | 406.50 | OK | |||
r-prerel-macos-arm64 | 0.7.6 | 130.00 | NOTE | |||
r-prerel-macos-x86_64 | 0.7.6 | 282.00 | NOTE | |||
r-prerel-windows-x86_64 | 0.7.6 | 125.00 | 314.00 | 439.00 | OK | |
r-release-linux-x86_64 | 0.7.6 | 144.06 | 385.01 | 529.07 | OK | |
r-release-macos-arm64 | 0.7.6 | 159.00 | NOTE | |||
r-release-macos-x86_64 | 0.7.6 | 227.00 | NOTE | |||
r-release-windows-x86_64 | 0.7.6 | 113.00 | 404.00 | 517.00 | OK | |
r-oldrel-macos-arm64 | 0.7.6 | 147.00 | NOTE | |||
r-oldrel-windows-x86_64 | 0.7.6 | 124.00 | 397.00 | 521.00 | OK |
Version: 0.7.6
Check: installed package size
Result: NOTE
installed size is 6.1Mb
sub-directories of 1Mb or more:
R 2.0Mb
libs 2.9Mb
Flavors: r-prerel-macos-arm64, r-prerel-macos-x86_64, r-release-macos-arm64, r-release-macos-x86_64, r-oldrel-macos-arm64