CRAN Package Check Results for Package sp

Last updated on 2020-07-10 10:03:10 CEST.

Flavor Version Tinstall Tcheck Ttotal Status Flags
r-devel-linux-x86_64-debian-clang 1.4-2 20.31 141.01 161.32 OK
r-devel-linux-x86_64-debian-gcc 1.4-2 16.13 108.00 124.13 OK
r-devel-linux-x86_64-fedora-clang 1.4-2 201.89 OK
r-devel-linux-x86_64-fedora-gcc 1.4-2 200.24 OK
r-devel-windows-ix86+x86_64 1.4-2 39.00 233.00 272.00 OK
r-patched-linux-x86_64 1.4-2 18.61 140.42 159.03 OK
r-patched-solaris-x86 1.4-2 248.70 OK
r-release-linux-x86_64 1.4-2 20.69 144.92 165.61 OK
r-release-osx-x86_64 1.4-2 NOTE
r-release-windows-ix86+x86_64 1.4-2 54.00 294.00 348.00 OK
r-oldrel-osx-x86_64 1.4-2 NOTE
r-oldrel-windows-ix86+x86_64 1.4-2 56.00 221.00 277.00 OK

Check Details

Version: 1.4-2
Check: dependencies in R code
Result: NOTE
    Missing or unexported objects:
     ‘rgdal::checkCRSArgs_ng’ ‘rgdal::new_proj_and_gdal’
Flavors: r-release-osx-x86_64, r-oldrel-osx-x86_64