CRAN Package Check Results for Package sonicscrewdriver

Last updated on 2020-08-10 10:03:16 CEST.

Flavor Version Tinstall Tcheck Ttotal Status Flags
r-devel-linux-x86_64-debian-clang 0.0.1 6.79 60.00 66.79 OK
r-devel-linux-x86_64-debian-gcc 0.0.1 5.77 44.55 50.32 OK
r-devel-linux-x86_64-fedora-clang 0.0.1 88.80 NOTE
r-devel-linux-x86_64-fedora-gcc 0.0.1 75.47 NOTE
r-devel-windows-ix86+x86_64 0.0.1 16.00 102.00 118.00 OK
r-patched-linux-x86_64 0.0.1 6.44 57.16 63.60 OK
r-patched-solaris-x86 0.0.1 107.10 NOTE
r-release-linux-x86_64 0.0.1 7.38 57.06 64.44 OK
r-release-macos-x86_64 0.0.1 NOTE
r-release-windows-ix86+x86_64 0.0.1 25.00 98.00 123.00 OK
r-oldrel-macos-x86_64 0.0.1 NOTE
r-oldrel-windows-ix86+x86_64 0.0.1 13.00 74.00 87.00 OK

Check Details

Version: 0.0.1
Check: dependencies in R code
Result: NOTE
    Namespace in Imports field not imported from: ‘methods’
     All declared Imports should be used.
Flavors: r-devel-linux-x86_64-fedora-clang, r-devel-linux-x86_64-fedora-gcc, r-patched-solaris-x86, r-release-macos-x86_64, r-oldrel-macos-x86_64