Last updated on 2024-05-07 11:55:15 CEST.
Flavor | Version | Tinstall | Tcheck | Ttotal | Status | Flags |
---|---|---|---|---|---|---|
r-devel-linux-x86_64-debian-clang | 1.2.0 | 9.11 | 83.69 | 92.80 | NOTE | |
r-devel-linux-x86_64-debian-gcc | 1.2.0 | 7.84 | 62.31 | 70.15 | NOTE | |
r-devel-linux-x86_64-fedora-clang | 1.2.0 | 116.79 | NOTE | |||
r-devel-linux-x86_64-fedora-gcc | 1.2.0 | 192.51 | NOTE | |||
r-devel-windows-x86_64 | 1.2.0 | 9.00 | 124.00 | 133.00 | NOTE | |
r-patched-linux-x86_64 | 1.2.0 | 11.93 | 78.71 | 90.64 | NOTE | |
r-release-linux-x86_64 | 1.2.0 | 10.05 | 78.21 | 88.26 | NOTE | |
r-release-macos-arm64 | 1.2.0 | 46.00 | NOTE | |||
r-release-windows-x86_64 | 1.2.0 | 11.00 | 122.00 | 133.00 | NOTE | |
r-oldrel-macos-arm64 | 1.2.0 | 48.00 | OK | |||
r-oldrel-macos-x86_64 | 1.2.0 | 69.00 | OK | |||
r-oldrel-windows-x86_64 | 1.2.0 | 13.00 | 129.00 | 142.00 | OK |
Version: 1.2.0
Check: Rd files
Result: NOTE
checkRd: (-1) solr_mlt.Rd:70: Lost braces; missing escapes or markup?
70 | TermVector DEFAULT_FIELD_NAMES = new String[] {"contents"}
| ^
Flavors: r-devel-linux-x86_64-debian-clang, r-devel-linux-x86_64-debian-gcc, r-devel-linux-x86_64-fedora-clang, r-devel-linux-x86_64-fedora-gcc, r-devel-windows-x86_64, r-patched-linux-x86_64, r-release-linux-x86_64, r-release-macos-arm64, r-release-windows-x86_64
Version: 1.2.0
Check: Rd cross-references
Result: NOTE
Undeclared package ‘XML’ in Rd xrefs
Flavor: r-devel-linux-x86_64-fedora-clang