CRAN Package Check Results for Package softclassval

Last updated on 2022-07-01 10:53:53 CEST.

Flavor Version Tinstall Tcheck Ttotal Status Flags
r-devel-linux-x86_64-debian-clang 1.0-20160527 3.04 30.18 33.22 NOTE
r-devel-linux-x86_64-debian-gcc 1.0-20160527 2.05 23.60 25.65 NOTE
r-devel-linux-x86_64-fedora-clang 1.0-20160527 50.74 NOTE
r-devel-linux-x86_64-fedora-gcc 1.0-20160527 48.99 NOTE
r-devel-windows-x86_64 1.0-20160527 24.00 63.00 87.00 NOTE
r-patched-linux-x86_64 1.0-20160527 2.01 29.51 31.52 NOTE
r-release-linux-x86_64 1.0-20160527 2.92 29.12 32.04 NOTE
r-release-macos-arm64 1.0-20160527 19.00 NOTE
r-release-macos-x86_64 1.0-20160527 24.00 NOTE
r-release-windows-x86_64 1.0-20160527 31.00 66.00 97.00 NOTE
r-oldrel-macos-arm64 1.0-20160527 22.00 NOTE
r-oldrel-macos-x86_64 1.0-20160527 30.00 NOTE
r-oldrel-windows-ix86+x86_64 1.0-20160527 8.00 52.00 60.00 NOTE

Check Details

Version: 1.0-20160527
Check: LazyData
Result: NOTE
     'LazyData' is specified without a 'data' directory
Flavors: r-devel-linux-x86_64-debian-clang, r-devel-linux-x86_64-debian-gcc, r-devel-linux-x86_64-fedora-clang, r-devel-linux-x86_64-fedora-gcc, r-devel-windows-x86_64, r-patched-linux-x86_64, r-release-linux-x86_64, r-release-macos-arm64, r-release-macos-x86_64, r-release-windows-x86_64, r-oldrel-macos-arm64, r-oldrel-macos-x86_64, r-oldrel-windows-ix86+x86_64