CRAN Package Check Results for Package sociome

Last updated on 2020-08-04 09:48:41 CEST.

Flavor Version Tinstall Tcheck Ttotal Status Flags
r-devel-linux-x86_64-debian-clang 1.4.0 9.68 77.19 86.87 OK
r-devel-linux-x86_64-debian-gcc 1.4.0 7.22 56.87 64.09 OK
r-devel-linux-x86_64-fedora-clang 1.4.2 112.73 OK
r-devel-linux-x86_64-fedora-gcc 1.4.2 98.08 OK
r-devel-windows-ix86+x86_64 1.4.0 46.00 107.00 153.00 OK
r-patched-linux-x86_64 1.4.0 10.07 72.52 82.59 OK
r-patched-solaris-x86 1.4.2 4.30 ERROR
r-release-linux-x86_64 1.4.0 8.41 75.25 83.66 OK
r-release-macos-x86_64 1.4.0 OK
r-release-windows-ix86+x86_64 1.4.0 44.00 112.00 156.00 OK
r-oldrel-macos-x86_64 1.4.0 OK
r-oldrel-windows-ix86+x86_64 1.4.0 22.00 91.00 113.00 OK

Check Details

Version: 1.4.2
Check: package dependencies
Result: ERROR
    Package required but not available: ‘tidycensus’
    
    Package suggested but not available for checking: ‘tigris’
    
    See section ‘The DESCRIPTION file’ in the ‘Writing R Extensions’
    manual.
Flavor: r-patched-solaris-x86