Last updated on 2024-04-23 10:54:17 CEST.
Flavor | Version | Tinstall | Tcheck | Ttotal | Status | Flags |
---|---|---|---|---|---|---|
r-devel-linux-x86_64-debian-clang | 0.9.1 | 20.34 | 398.88 | 419.22 | OK | |
r-devel-linux-x86_64-debian-gcc | 0.9.1 | 13.96 | 277.42 | 291.38 | OK | |
r-devel-linux-x86_64-fedora-clang | 0.9.1 | 472.22 | NOTE | |||
r-devel-linux-x86_64-fedora-gcc | 0.9.1 | 487.90 | OK | |||
r-prerel-macos-arm64 | 0.9.1 | 136.00 | OK | |||
r-prerel-macos-x86_64 | 0.9.1 | 392.00 | OK | |||
r-prerel-windows-x86_64 | 0.9.1 | 37.00 | 529.00 | 566.00 | OK | |
r-patched-linux-x86_64 | 0.9.1 | 16.33 | 377.64 | 393.97 | OK | |
r-release-linux-x86_64 | 0.9.1 | 10.86 | 362.09 | 372.95 | OK | |
r-release-macos-arm64 | 0.9.1 | 146.00 | OK | |||
r-release-macos-x86_64 | 0.9.1 | 306.00 | OK | |||
r-release-windows-x86_64 | 0.9.1 | 42.00 | 479.00 | 521.00 | OK | |
r-oldrel-macos-arm64 | 0.9.1 | 146.00 | OK | |||
r-oldrel-windows-x86_64 | 0.9.1 | 42.00 | 488.00 | 530.00 | OK |
Version: 0.9.1
Check: installed package size
Result: NOTE
installed size is 5.0Mb
sub-directories of 1Mb or more:
doc 3.7Mb
Flavor: r-devel-linux-x86_64-fedora-clang