Last updated on 2023-02-06 09:55:58 CET.
Flavor | Version | Tinstall | Tcheck | Ttotal | Status | Flags |
---|---|---|---|---|---|---|
r-devel-linux-x86_64-debian-clang | 1.0.3 | 14.66 | 143.34 | 158.00 | OK | |
r-devel-linux-x86_64-debian-gcc | 1.0.3 | 11.84 | 107.39 | 119.23 | OK | |
r-devel-linux-x86_64-fedora-clang | 1.0.3 | 219.71 | OK | |||
r-devel-linux-x86_64-fedora-gcc | 1.0.3 | 189.46 | OK | |||
r-devel-windows-x86_64 | 1.0.3 | 975.00 | 372.00 | 1347.00 | OK | |
r-patched-linux-x86_64 | 1.0.3 | 16.09 | 137.38 | 153.47 | OK | |
r-release-linux-x86_64 | 1.0.3 | 15.23 | 136.63 | 151.86 | OK | |
r-release-macos-arm64 | 1.0.3 | 51.00 | NOTE | |||
r-release-macos-x86_64 | 1.0.3 | 81.00 | NOTE | |||
r-release-windows-x86_64 | 1.0.3 | 974.00 | 361.00 | 1335.00 | OK | |
r-oldrel-macos-arm64 | 1.0.3 | 51.00 | NOTE | |||
r-oldrel-macos-x86_64 | 1.0.3 | 87.00 | NOTE | |||
r-oldrel-windows-ix86+x86_64 | 1.0.3 | 38.00 | 302.00 | 340.00 | OK |
Version: 1.0.3
Check: whether the namespace can be loaded with stated dependencies
Result: NOTE
Warning in py_initialize(config$python, config$libpython, config$pythonhome, :
Python 2 reached EOL on January 1, 2020. Python 2 compatability be removed in an upcoming reticulate release.
A namespace must be able to be loaded with just the base namespace
loaded: otherwise if the namespace gets loaded by a saved object, the
session will be unable to start.
Probably some imports need to be declared in the NAMESPACE file.
Flavors: r-release-macos-arm64, r-release-macos-x86_64, r-oldrel-macos-arm64, r-oldrel-macos-x86_64